{"id":19399,"date":"2026-01-13T10:55:53","date_gmt":"2026-01-13T09:55:53","guid":{"rendered":"https:\/\/sacrebleuprod.fr\/?page_id=19399"},"modified":"2026-02-11T16:08:50","modified_gmt":"2026-02-11T15:08:50","slug":"humans-5000","status":"publish","type":"page","link":"https:\/\/sacrebleuprod.fr\/?page_id=19399","title":{"rendered":"Humans 5000"},"content":{"rendered":"\t\t<div data-elementor-type=\"wp-page\" data-elementor-id=\"19399\" class=\"elementor elementor-19399\">\n\t\t\t\t<div class=\"elementor-element elementor-element-e14b56e e-flex e-con-boxed e-con e-parent\" data-id=\"e14b56e\" data-element_type=\"container\" data-e-type=\"container\">\n\t\t\t\t\t<div class=\"e-con-inner\">\n\t\t<div class=\"elementor-element elementor-element-71593d8 e-con-full e-flex e-con e-child\" data-id=\"71593d8\" data-element_type=\"container\" data-e-type=\"container\">\n\t\t\t\t<div class=\"elementor-element elementor-element-6966044 elementor-widget elementor-widget-image\" data-id=\"6966044\" data-element_type=\"widget\" data-e-type=\"widget\" data-widget_type=\"image.default\">\n\t\t\t\t<div class=\"elementor-widget-container\">\n\t\t\t\t\t\t\t\t\t\t\t\t\t\t\t<img fetchpriority=\"high\" decoding=\"async\" width=\"691\" height=\"1024\" src=\"https:\/\/sacrebleuprod.fr\/wp-content\/uploads\/2026\/01\/Poster_Humans5000-691x1024.jpg\" class=\"attachment-large size-large wp-image-19331\" alt=\"\" srcset=\"https:\/\/sacrebleuprod.fr\/wp-content\/uploads\/2026\/01\/Poster_Humans5000-691x1024.jpg 691w, https:\/\/sacrebleuprod.fr\/wp-content\/uploads\/2026\/01\/Poster_Humans5000-203x300.jpg 203w, https:\/\/sacrebleuprod.fr\/wp-content\/uploads\/2026\/01\/Poster_Humans5000-768x1138.jpg 768w, https:\/\/sacrebleuprod.fr\/wp-content\/uploads\/2026\/01\/Poster_Humans5000-1037x1536.jpg 1037w, https:\/\/sacrebleuprod.fr\/wp-content\/uploads\/2026\/01\/Poster_Humans5000-1382x2048.jpg 1382w, https:\/\/sacrebleuprod.fr\/wp-content\/uploads\/2026\/01\/Poster_Humans5000-600x889.jpg 600w, https:\/\/sacrebleuprod.fr\/wp-content\/uploads\/2026\/01\/Poster_Humans5000-scaled.jpg 1728w\" sizes=\"(max-width: 691px) 100vw, 691px\" \/>\t\t\t\t\t\t\t\t\t\t\t\t\t\t\t<\/div>\n\t\t\t\t<\/div>\n\t\t\t\t<\/div>\n\t\t<div class=\"elementor-element elementor-element-40685da e-con-full e-flex e-con e-child\" data-id=\"40685da\" data-element_type=\"container\" data-e-type=\"container\">\n\t\t<div class=\"elementor-element elementor-element-094b887 e-con-full e-flex e-con e-child\" data-id=\"094b887\" data-element_type=\"container\" data-e-type=\"container\">\n\t\t\t\t<div class=\"elementor-element elementor-element-4df0ece elementor-widget elementor-widget-heading\" data-id=\"4df0ece\" data-element_type=\"widget\" data-e-type=\"widget\" data-widget_type=\"heading.default\">\n\t\t\t\t<div class=\"elementor-widget-container\">\n\t\t\t\t\t<h2 class=\"elementor-heading-title elementor-size-default\">Humans 5000<\/h2>\t\t\t\t<\/div>\n\t\t\t\t<\/div>\n\t\t\t\t<\/div>\n\t\t<div class=\"elementor-element elementor-element-1d10dea e-con-full e-flex e-con e-child\" data-id=\"1d10dea\" data-element_type=\"container\" data-e-type=\"container\">\n\t\t\t\t<div class=\"elementor-element elementor-element-511942a elementor-widget__width-initial elementor-widget elementor-widget-heading\" data-id=\"511942a\" data-element_type=\"widget\" data-e-type=\"widget\" data-widget_type=\"heading.default\">\n\t\t\t\t<div class=\"elementor-widget-container\">\n\t\t\t\t\t<h2 class=\"elementor-heading-title elementor-size-medium\"><h2 class=\"elementor-heading-title elementor-size-medium elementor-inline-editing pen\" data-elementor-setting-key=\"title\" data-pen-placeholder=\"Type Here...\" style=\"font-style: normal;font-weight: inherit;font-family: Urbanist, sans-serif;text-align: justify\"><span style=\"font-weight: 700\">Animation 2D - 6'<\/span>\n<br><br><span style=\"font-weight: 700\">R\u00e9alisateur : <\/span><span style=\"font-family: Calibri, Helvetica, sans-serif, serif, EmojiFont;font-size: 16px;text-align: start\">&nbsp;<\/span><span style=\"font-weight: inherit\">Guy CHARNAUX<br><\/span><span style=\"font-family: Calibri, Helvetica, sans-serif, serif, EmojiFont;font-size: 16px;text-align: start\"><br><\/span>\n<span style=\"font-weight: 700\">Sc\u00e9naristes:<\/span> Guy CHARNAUX &amp; Rafael SPERLING<br><br>\n<span style=\"font-weight: 700\">Compositeur:<\/span> Rafael SPERLING<br><br>\n<span style=\"font-weight: 700\">Production:<\/span> Sacrebleu &amp; <span style=\"font-weight: inherit\">Guy CHARNAUX<\/span><br><br><p style=\"font-size: 12pt;font-style: normal;font-weight: 400;margin: 0cm 0cm 0.0001pt;font-family: Calibri, sans-serif;text-align: start\"><\/p><br><\/h2><br><div style=\"text-align: start\"><span style=\"font-style: inherit\"><\/span><\/div><br><span style=\"font-weight: inherit\"><p style=\"color: black\">Dans un monde o\u00f9 les proches se commandent dans des bo\u00eetes, les choses tournent tr\u00e8s mal pour cette famille.<\/p><\/h2>\t\t\t\t<\/div>\n\t\t\t\t<\/div>\n\t\t\t\t<\/div>\n\t\t\t\t<\/div>\n\t\t\t\t\t<\/div>\n\t\t\t\t<\/div>\n\t\t<div class=\"elementor-element elementor-element-155046f e-flex e-con-boxed e-con e-parent\" data-id=\"155046f\" data-element_type=\"container\" data-e-type=\"container\">\n\t\t\t\t\t<div class=\"e-con-inner\">\n\t\t\t\t<div class=\"elementor-element elementor-element-074e072 elementor-align-center elementor-widget elementor-widget-button\" data-id=\"074e072\" data-element_type=\"widget\" data-e-type=\"widget\" data-widget_type=\"button.default\">\n\t\t\t\t<div class=\"elementor-widget-container\">\n\t\t\t\t\t\t\t\t\t<div class=\"elementor-button-wrapper\">\n\t\t\t\t\t<a class=\"elementor-button elementor-button-link elementor-size-sm\" href=\"http:\/\/sacrebleuprod.fr\/wp-content\/uploads\/2026\/02\/Fiche-technique_Humans5000-1.pdf\" target=\"_blank\">\n\t\t\t\t\t\t<span class=\"elementor-button-content-wrapper\">\n\t\t\t\t\t\t\t\t\t<span class=\"elementor-button-text\">Fiche technique<\/span>\n\t\t\t\t\t<\/span>\n\t\t\t\t\t<\/a>\n\t\t\t\t<\/div>\n\t\t\t\t\t\t\t\t<\/div>\n\t\t\t\t<\/div>\n\t\t\t\t\t<\/div>\n\t\t\t\t<\/div>\n\t\t<div class=\"elementor-element elementor-element-47a90a1 e-flex e-con-boxed e-con e-parent\" data-id=\"47a90a1\" data-element_type=\"container\" data-e-type=\"container\">\n\t\t\t\t\t<div class=\"e-con-inner\">\n\t\t<div class=\"elementor-element elementor-element-af61413 e-con-full e-flex e-con e-child\" data-id=\"af61413\" data-element_type=\"container\" data-e-type=\"container\">\n\t\t\t\t<div class=\"elementor-element elementor-element-f15ecab elementor-widget elementor-widget-image\" data-id=\"f15ecab\" data-element_type=\"widget\" data-e-type=\"widget\" data-widget_type=\"image.default\">\n\t\t\t\t<div class=\"elementor-widget-container\">\n\t\t\t\t\t\t\t\t\t\t\t\t\t\t\t<img decoding=\"async\" width=\"1024\" height=\"576\" src=\"https:\/\/sacrebleuprod.fr\/wp-content\/uploads\/2026\/01\/Still-E-1-1024x576.png\" class=\"attachment-large size-large wp-image-19395\" alt=\"\" srcset=\"https:\/\/sacrebleuprod.fr\/wp-content\/uploads\/2026\/01\/Still-E-1-1024x576.png 1024w, https:\/\/sacrebleuprod.fr\/wp-content\/uploads\/2026\/01\/Still-E-1-300x169.png 300w, https:\/\/sacrebleuprod.fr\/wp-content\/uploads\/2026\/01\/Still-E-1-768x432.png 768w, https:\/\/sacrebleuprod.fr\/wp-content\/uploads\/2026\/01\/Still-E-1-1536x864.png 1536w, https:\/\/sacrebleuprod.fr\/wp-content\/uploads\/2026\/01\/Still-E-1-2048x1152.png 2048w, https:\/\/sacrebleuprod.fr\/wp-content\/uploads\/2026\/01\/Still-E-1-600x338.png 600w\" sizes=\"(max-width: 1024px) 100vw, 1024px\" \/>\t\t\t\t\t\t\t\t\t\t\t\t\t\t\t<\/div>\n\t\t\t\t<\/div>\n\t\t\t\t<div class=\"elementor-element elementor-element-4393d6e elementor-widget__width-initial elementor-widget elementor-widget-image\" data-id=\"4393d6e\" data-element_type=\"widget\" data-e-type=\"widget\" data-settings=\"{&quot;_animation&quot;:&quot;none&quot;}\" data-widget_type=\"image.default\">\n\t\t\t\t<div class=\"elementor-widget-container\">\n\t\t\t\t\t\t\t\t\t\t\t\t\t\t\t<img decoding=\"async\" width=\"1024\" height=\"576\" src=\"https:\/\/sacrebleuprod.fr\/wp-content\/uploads\/2026\/01\/Still-C-1-1024x576.png\" class=\"attachment-large size-large wp-image-19392\" alt=\"\" srcset=\"https:\/\/sacrebleuprod.fr\/wp-content\/uploads\/2026\/01\/Still-C-1-1024x576.png 1024w, https:\/\/sacrebleuprod.fr\/wp-content\/uploads\/2026\/01\/Still-C-1-300x169.png 300w, https:\/\/sacrebleuprod.fr\/wp-content\/uploads\/2026\/01\/Still-C-1-768x432.png 768w, https:\/\/sacrebleuprod.fr\/wp-content\/uploads\/2026\/01\/Still-C-1-1536x864.png 1536w, https:\/\/sacrebleuprod.fr\/wp-content\/uploads\/2026\/01\/Still-C-1-2048x1152.png 2048w, https:\/\/sacrebleuprod.fr\/wp-content\/uploads\/2026\/01\/Still-C-1-600x338.png 600w\" sizes=\"(max-width: 1024px) 100vw, 1024px\" \/>\t\t\t\t\t\t\t\t\t\t\t\t\t\t\t<\/div>\n\t\t\t\t<\/div>\n\t\t\t\t<\/div>\n\t\t<div class=\"elementor-element elementor-element-45695d5 e-con-full e-flex e-con e-child\" data-id=\"45695d5\" data-element_type=\"container\" data-e-type=\"container\">\n\t\t\t\t<div class=\"elementor-element elementor-element-73a1f73 elementor-widget__width-initial elementor-widget elementor-widget-image\" data-id=\"73a1f73\" data-element_type=\"widget\" data-e-type=\"widget\" data-widget_type=\"image.default\">\n\t\t\t\t<div class=\"elementor-widget-container\">\n\t\t\t\t\t\t\t\t\t\t\t\t\t\t\t<img loading=\"lazy\" decoding=\"async\" width=\"1024\" height=\"576\" src=\"https:\/\/sacrebleuprod.fr\/wp-content\/uploads\/2026\/01\/Still-D-1-1024x576.png\" class=\"attachment-large size-large wp-image-19394\" alt=\"\" srcset=\"https:\/\/sacrebleuprod.fr\/wp-content\/uploads\/2026\/01\/Still-D-1-1024x576.png 1024w, https:\/\/sacrebleuprod.fr\/wp-content\/uploads\/2026\/01\/Still-D-1-300x169.png 300w, https:\/\/sacrebleuprod.fr\/wp-content\/uploads\/2026\/01\/Still-D-1-768x432.png 768w, https:\/\/sacrebleuprod.fr\/wp-content\/uploads\/2026\/01\/Still-D-1-1536x864.png 1536w, https:\/\/sacrebleuprod.fr\/wp-content\/uploads\/2026\/01\/Still-D-1-2048x1152.png 2048w, https:\/\/sacrebleuprod.fr\/wp-content\/uploads\/2026\/01\/Still-D-1-600x338.png 600w\" sizes=\"(max-width: 1024px) 100vw, 1024px\" \/>\t\t\t\t\t\t\t\t\t\t\t\t\t\t\t<\/div>\n\t\t\t\t<\/div>\n\t\t\t\t<div class=\"elementor-element elementor-element-c66f54c elementor-widget__width-initial elementor-widget elementor-widget-image\" data-id=\"c66f54c\" data-element_type=\"widget\" data-e-type=\"widget\" data-widget_type=\"image.default\">\n\t\t\t\t<div class=\"elementor-widget-container\">\n\t\t\t\t\t\t\t\t\t\t\t\t\t\t\t<img loading=\"lazy\" decoding=\"async\" width=\"1024\" height=\"576\" src=\"https:\/\/sacrebleuprod.fr\/wp-content\/uploads\/2026\/01\/Still-B-1-1024x576.png\" class=\"attachment-large size-large wp-image-19391\" alt=\"\" srcset=\"https:\/\/sacrebleuprod.fr\/wp-content\/uploads\/2026\/01\/Still-B-1-1024x576.png 1024w, https:\/\/sacrebleuprod.fr\/wp-content\/uploads\/2026\/01\/Still-B-1-300x169.png 300w, https:\/\/sacrebleuprod.fr\/wp-content\/uploads\/2026\/01\/Still-B-1-768x432.png 768w, https:\/\/sacrebleuprod.fr\/wp-content\/uploads\/2026\/01\/Still-B-1-1536x864.png 1536w, https:\/\/sacrebleuprod.fr\/wp-content\/uploads\/2026\/01\/Still-B-1-2048x1152.png 2048w, https:\/\/sacrebleuprod.fr\/wp-content\/uploads\/2026\/01\/Still-B-1-600x338.png 600w\" sizes=\"(max-width: 1024px) 100vw, 1024px\" \/>\t\t\t\t\t\t\t\t\t\t\t\t\t\t\t<\/div>\n\t\t\t\t<\/div>\n\t\t\t\t<\/div>\n\t\t\t\t\t<\/div>\n\t\t\t\t<\/div>\n\t\t\t\t<\/div>\n\t\t","protected":false},"excerpt":{"rendered":"<p>Humans 5000 Animation 2D &#8211; 6&#8242; R\u00e9alisateur : &nbsp;Guy CHARNAUX Sc\u00e9naristes: Guy CHARNAUX &amp; Rafael SPERLING Compositeur: Rafael SPERLING Production: Sacrebleu &amp; Guy CHARNAUX Dans un monde o\u00f9 les proches se commandent dans des bo\u00eetes, les choses tournent tr\u00e8s mal pour cette famille. Fiche technique<\/p>\n","protected":false},"author":1,"featured_media":0,"parent":0,"menu_order":0,"comment_status":"closed","ping_status":"closed","template":"","meta":{"site-sidebar-layout":"no-sidebar","site-content-layout":"page-builder","ast-site-content-layout":"full-width-container","site-content-style":"default","site-sidebar-style":"default","ast-global-header-display":"","ast-banner-title-visibility":"","ast-main-header-display":"","ast-hfb-above-header-display":"","ast-hfb-below-header-display":"","ast-hfb-mobile-header-display":"","site-post-title":"disabled","ast-breadcrumbs-content":"","ast-featured-img":"disabled","footer-sml-layout":"","ast-disable-related-posts":"","theme-transparent-header-meta":"","adv-header-id-meta":"","stick-header-meta":"","header-above-stick-meta":"","header-main-stick-meta":"","header-below-stick-meta":"","astra-migrate-meta-layouts":"set","ast-page-background-enabled":"default","ast-page-background-meta":{"desktop":{"background-color":"var(--ast-global-color-4)","background-image":"","background-repeat":"repeat","background-position":"center center","background-size":"auto","background-attachment":"scroll","background-type":"","background-media":"","overlay-type":"","overlay-color":"","overlay-opacity":"","overlay-gradient":""},"tablet":{"background-color":"","background-image":"","background-repeat":"repeat","background-position":"center center","background-size":"auto","background-attachment":"scroll","background-type":"","background-media":"","overlay-type":"","overlay-color":"","overlay-opacity":"","overlay-gradient":""},"mobile":{"background-color":"","background-image":"","background-repeat":"repeat","background-position":"center center","background-size":"auto","background-attachment":"scroll","background-type":"","background-media":"","overlay-type":"","overlay-color":"","overlay-opacity":"","overlay-gradient":""}},"ast-content-background-meta":{"desktop":{"background-color":"var(--ast-global-color-5)","background-image":"","background-repeat":"repeat","background-position":"center center","background-size":"auto","background-attachment":"scroll","background-type":"","background-media":"","overlay-type":"","overlay-color":"","overlay-opacity":"","overlay-gradient":""},"tablet":{"background-color":"var(--ast-global-color-5)","background-image":"","background-repeat":"repeat","background-position":"center center","background-size":"auto","background-attachment":"scroll","background-type":"","background-media":"","overlay-type":"","overlay-color":"","overlay-opacity":"","overlay-gradient":""},"mobile":{"background-color":"var(--ast-global-color-5)","background-image":"","background-repeat":"repeat","background-position":"center center","background-size":"auto","background-attachment":"scroll","background-type":"","background-media":"","overlay-type":"","overlay-color":"","overlay-opacity":"","overlay-gradient":""}},"footnotes":""},"class_list":["post-19399","page","type-page","status-publish","hentry"],"_links":{"self":[{"href":"https:\/\/sacrebleuprod.fr\/index.php?rest_route=\/wp\/v2\/pages\/19399","targetHints":{"allow":["GET"]}}],"collection":[{"href":"https:\/\/sacrebleuprod.fr\/index.php?rest_route=\/wp\/v2\/pages"}],"about":[{"href":"https:\/\/sacrebleuprod.fr\/index.php?rest_route=\/wp\/v2\/types\/page"}],"author":[{"embeddable":true,"href":"https:\/\/sacrebleuprod.fr\/index.php?rest_route=\/wp\/v2\/users\/1"}],"replies":[{"embeddable":true,"href":"https:\/\/sacrebleuprod.fr\/index.php?rest_route=%2Fwp%2Fv2%2Fcomments&post=19399"}],"version-history":[{"count":35,"href":"https:\/\/sacrebleuprod.fr\/index.php?rest_route=\/wp\/v2\/pages\/19399\/revisions"}],"predecessor-version":[{"id":19825,"href":"https:\/\/sacrebleuprod.fr\/index.php?rest_route=\/wp\/v2\/pages\/19399\/revisions\/19825"}],"wp:attachment":[{"href":"https:\/\/sacrebleuprod.fr\/index.php?rest_route=%2Fwp%2Fv2%2Fmedia&parent=19399"}],"curies":[{"name":"wp","href":"https:\/\/api.w.org\/{rel}","templated":true}]}}