{"id":2637,"date":"2023-11-30T15:45:00","date_gmt":"2023-11-30T14:45:00","guid":{"rendered":"https:\/\/sacrebleuprod.fr\/?page_id=2637"},"modified":"2026-03-19T11:35:18","modified_gmt":"2026-03-19T10:35:18","slug":"la-mer-triste-2","status":"publish","type":"page","link":"https:\/\/sacrebleuprod.fr\/?page_id=2637","title":{"rendered":"Le bleu au loin"},"content":{"rendered":"\t\t<div data-elementor-type=\"wp-page\" data-elementor-id=\"2637\" class=\"elementor elementor-2637\">\n\t\t\t\t<div class=\"elementor-element elementor-element-6ecd5c0 e-flex e-con-boxed e-con e-parent\" data-id=\"6ecd5c0\" data-element_type=\"container\" data-e-type=\"container\">\n\t\t\t\t\t<div class=\"e-con-inner\">\n\t\t<div class=\"elementor-element elementor-element-cfca513 e-con-full e-flex e-con e-child\" data-id=\"cfca513\" data-element_type=\"container\" data-e-type=\"container\">\n\t\t\t\t<div class=\"elementor-element elementor-element-4c2bd82 elementor-widget elementor-widget-image\" data-id=\"4c2bd82\" data-element_type=\"widget\" data-e-type=\"widget\" data-widget_type=\"image.default\">\n\t\t\t\t<div class=\"elementor-widget-container\">\n\t\t\t\t\t\t\t\t\t\t\t\t\t\t\t<img fetchpriority=\"high\" decoding=\"async\" width=\"724\" height=\"1024\" src=\"https:\/\/sacrebleuprod.fr\/wp-content\/uploads\/2026\/03\/LeBleuAuLoin_Affiche-2-724x1024.jpg\" class=\"attachment-large size-large wp-image-19880\" alt=\"\" srcset=\"https:\/\/sacrebleuprod.fr\/wp-content\/uploads\/2026\/03\/LeBleuAuLoin_Affiche-2-724x1024.jpg 724w, https:\/\/sacrebleuprod.fr\/wp-content\/uploads\/2026\/03\/LeBleuAuLoin_Affiche-2-212x300.jpg 212w, https:\/\/sacrebleuprod.fr\/wp-content\/uploads\/2026\/03\/LeBleuAuLoin_Affiche-2-768x1086.jpg 768w, https:\/\/sacrebleuprod.fr\/wp-content\/uploads\/2026\/03\/LeBleuAuLoin_Affiche-2-1086x1536.jpg 1086w, https:\/\/sacrebleuprod.fr\/wp-content\/uploads\/2026\/03\/LeBleuAuLoin_Affiche-2-1448x2048.jpg 1448w, https:\/\/sacrebleuprod.fr\/wp-content\/uploads\/2026\/03\/LeBleuAuLoin_Affiche-2-600x848.jpg 600w, https:\/\/sacrebleuprod.fr\/wp-content\/uploads\/2026\/03\/LeBleuAuLoin_Affiche-2-scaled.jpg 1811w\" sizes=\"(max-width: 724px) 100vw, 724px\" \/>\t\t\t\t\t\t\t\t\t\t\t\t\t\t\t<\/div>\n\t\t\t\t<\/div>\n\t\t\t\t<\/div>\n\t\t<div class=\"elementor-element elementor-element-ee37d09 e-con-full e-flex e-con e-child\" data-id=\"ee37d09\" data-element_type=\"container\" data-e-type=\"container\">\n\t\t<div class=\"elementor-element elementor-element-596f4ef e-con-full e-flex e-con e-child\" data-id=\"596f4ef\" data-element_type=\"container\" data-e-type=\"container\">\n\t\t\t\t<div class=\"elementor-element elementor-element-f970c83 elementor-widget elementor-widget-heading\" data-id=\"f970c83\" data-element_type=\"widget\" data-e-type=\"widget\" data-widget_type=\"heading.default\">\n\t\t\t\t<div class=\"elementor-widget-container\">\n\t\t\t\t\t<h2 class=\"elementor-heading-title elementor-size-default\">Le bleu au loin<\/h2>\t\t\t\t<\/div>\n\t\t\t\t<\/div>\n\t\t\t\t<\/div>\n\t\t<div class=\"elementor-element elementor-element-5a660bd e-con-full e-flex e-con e-child\" data-id=\"5a660bd\" data-element_type=\"container\" data-e-type=\"container\">\n\t\t\t\t<div class=\"elementor-element elementor-element-433a9de elementor-widget__width-initial elementor-widget elementor-widget-heading\" data-id=\"433a9de\" data-element_type=\"widget\" data-e-type=\"widget\" data-widget_type=\"heading.default\">\n\t\t\t\t<div class=\"elementor-widget-container\">\n\t\t\t\t\t<h2 class=\"elementor-heading-title elementor-size-medium\"><b>Animation 2D-10'<\/b>\n<br><br><br><b>R\u00e9alisateur, Sc\u00e9nariste <\/b><b>&amp; Auteur Graphique: <\/b>Amir Houshang Moein<br><br><b>Production:<\/b> Sacrebleu Productions<br><br><p style=\"margin: 0cm 0cm 0.0001pt;font-size: 12pt;font-family: Calibri, sans-serif;font-style: normal;font-weight: 400;text-align: start\"><\/p>\n<p style=\"margin-left: 5.55pt\"><span style=\"font-size:14.0pt\">Un p\u00eacheur fuyant la guerre vit sur une plage\nlointaine, loin de son pass\u00e9. La migration n\u2019a pas r\u00e9ussi \u00e0 le lib\u00e9rer des\nsouvenirs qui, tels une dent cari\u00e9e, rongent son \u00e2me. Il se per\u00e7oit comme un\npoisson pris dans un filet : prisonnier de la m\u00e9moire, prisonnier du spectacle\nincessant des guerres et d\u2019une humanit\u00e9 qui a d\u00e9sert\u00e9 le monde.<\/span><\/p><p style=\"margin-left: 5.55pt\"><br><\/p><p style=\"margin-left: 5.55pt\"><span style=\"font-size:14.0pt\">Dans sa tentative d\u2019oublier, il se jette d\u2019un long\nplongeon au c\u0153ur des vagues ; les vagues l\u2019engloutissent, au milieu de cela\nsurgit un instant \u2014 une force suspendue entre la noyade et la d\u00e9livrance.<\/span><\/p>\n\n<\/h2>\t\t\t\t<\/div>\n\t\t\t\t<\/div>\n\t\t\t\t<\/div>\n\t\t\t\t<\/div>\n\t\t\t\t\t<\/div>\n\t\t\t\t<\/div>\n\t\t<div class=\"elementor-element elementor-element-1f2e2cb e-con-full e-flex e-con e-parent\" data-id=\"1f2e2cb\" data-element_type=\"container\" data-e-type=\"container\">\n\t\t\t\t<div class=\"elementor-element elementor-element-6f4669f elementor-widget elementor-widget-image\" data-id=\"6f4669f\" data-element_type=\"widget\" data-e-type=\"widget\" data-widget_type=\"image.default\">\n\t\t\t\t<div class=\"elementor-widget-container\">\n\t\t\t\t\t\t\t\t\t\t\t\t\t\t\t<img decoding=\"async\" width=\"540\" height=\"146\" src=\"https:\/\/sacrebleuprod.fr\/wp-content\/uploads\/2023\/11\/logo-sign-charte-graphique-3.jpeg\" class=\"attachment-large size-large wp-image-2678\" alt=\"\" srcset=\"https:\/\/sacrebleuprod.fr\/wp-content\/uploads\/2023\/11\/logo-sign-charte-graphique-3.jpeg 540w, https:\/\/sacrebleuprod.fr\/wp-content\/uploads\/2023\/11\/logo-sign-charte-graphique-3-300x81.jpeg 300w\" sizes=\"(max-width: 540px) 100vw, 540px\" \/>\t\t\t\t\t\t\t\t\t\t\t\t\t\t\t<\/div>\n\t\t\t\t<\/div>\n\t\t\t\t<div class=\"elementor-element elementor-element-f35aff1 elementor-align-center elementor-widget elementor-widget-button\" data-id=\"f35aff1\" data-element_type=\"widget\" data-e-type=\"widget\" data-widget_type=\"button.default\">\n\t\t\t\t<div class=\"elementor-widget-container\">\n\t\t\t\t\t\t\t\t\t<div class=\"elementor-button-wrapper\">\n\t\t\t\t\t<a class=\"elementor-button elementor-button-link elementor-size-sm\" href=\"http:\/\/sacrebleuprod.fr\/wp-content\/uploads\/2026\/03\/Fiche-technique_La-Mer-Triste_-1.pdf\" target=\"_blank\">\n\t\t\t\t\t\t<span class=\"elementor-button-content-wrapper\">\n\t\t\t\t\t\t\t\t\t<span class=\"elementor-button-text\">Fiche Technique<\/span>\n\t\t\t\t\t<\/span>\n\t\t\t\t\t<\/a>\n\t\t\t\t<\/div>\n\t\t\t\t\t\t\t\t<\/div>\n\t\t\t\t<\/div>\n\t\t\t\t<\/div>\n\t\t<div class=\"elementor-element elementor-element-a43c41f e-flex e-con-boxed e-con e-parent\" data-id=\"a43c41f\" data-element_type=\"container\" data-e-type=\"container\">\n\t\t\t\t\t<div class=\"e-con-inner\">\n\t\t<div class=\"elementor-element elementor-element-3471927 e-con-full e-flex e-con e-child\" data-id=\"3471927\" data-element_type=\"container\" data-e-type=\"container\">\n\t\t\t\t<div class=\"elementor-element elementor-element-cbc9ec9 elementor-widget elementor-widget-image\" data-id=\"cbc9ec9\" data-element_type=\"widget\" data-e-type=\"widget\" data-widget_type=\"image.default\">\n\t\t\t\t<div class=\"elementor-widget-container\">\n\t\t\t\t\t\t\t\t\t\t\t\t\t\t\t<img decoding=\"async\" width=\"1024\" height=\"576\" src=\"https:\/\/sacrebleuprod.fr\/wp-content\/uploads\/2026\/03\/LeBleuAuLoin_Visuel1-1024x576.png\" class=\"attachment-large size-large wp-image-19850\" alt=\"\" srcset=\"https:\/\/sacrebleuprod.fr\/wp-content\/uploads\/2026\/03\/LeBleuAuLoin_Visuel1-1024x576.png 1024w, https:\/\/sacrebleuprod.fr\/wp-content\/uploads\/2026\/03\/LeBleuAuLoin_Visuel1-300x169.png 300w, https:\/\/sacrebleuprod.fr\/wp-content\/uploads\/2026\/03\/LeBleuAuLoin_Visuel1-768x432.png 768w, https:\/\/sacrebleuprod.fr\/wp-content\/uploads\/2026\/03\/LeBleuAuLoin_Visuel1-1536x864.png 1536w, https:\/\/sacrebleuprod.fr\/wp-content\/uploads\/2026\/03\/LeBleuAuLoin_Visuel1-600x338.png 600w, https:\/\/sacrebleuprod.fr\/wp-content\/uploads\/2026\/03\/LeBleuAuLoin_Visuel1.png 1920w\" sizes=\"(max-width: 1024px) 100vw, 1024px\" \/>\t\t\t\t\t\t\t\t\t\t\t\t\t\t\t<\/div>\n\t\t\t\t<\/div>\n\t\t\t\t<\/div>\n\t\t<div class=\"elementor-element elementor-element-acdec67 e-con-full e-flex e-con e-child\" data-id=\"acdec67\" data-element_type=\"container\" data-e-type=\"container\">\n\t\t\t\t<div class=\"elementor-element elementor-element-a71162b elementor-widget elementor-widget-image\" data-id=\"a71162b\" data-element_type=\"widget\" data-e-type=\"widget\" data-widget_type=\"image.default\">\n\t\t\t\t<div class=\"elementor-widget-container\">\n\t\t\t\t\t\t\t\t\t\t\t\t\t\t\t<img loading=\"lazy\" decoding=\"async\" width=\"1024\" height=\"576\" src=\"https:\/\/sacrebleuprod.fr\/wp-content\/uploads\/2026\/03\/LeBleuAuLoin_Visuel2-1024x576.png\" class=\"attachment-large size-large wp-image-19851\" alt=\"\" srcset=\"https:\/\/sacrebleuprod.fr\/wp-content\/uploads\/2026\/03\/LeBleuAuLoin_Visuel2-1024x576.png 1024w, https:\/\/sacrebleuprod.fr\/wp-content\/uploads\/2026\/03\/LeBleuAuLoin_Visuel2-300x169.png 300w, https:\/\/sacrebleuprod.fr\/wp-content\/uploads\/2026\/03\/LeBleuAuLoin_Visuel2-768x432.png 768w, https:\/\/sacrebleuprod.fr\/wp-content\/uploads\/2026\/03\/LeBleuAuLoin_Visuel2-1536x864.png 1536w, https:\/\/sacrebleuprod.fr\/wp-content\/uploads\/2026\/03\/LeBleuAuLoin_Visuel2-600x338.png 600w, https:\/\/sacrebleuprod.fr\/wp-content\/uploads\/2026\/03\/LeBleuAuLoin_Visuel2.png 1920w\" sizes=\"(max-width: 1024px) 100vw, 1024px\" \/>\t\t\t\t\t\t\t\t\t\t\t\t\t\t\t<\/div>\n\t\t\t\t<\/div>\n\t\t\t\t<\/div>\n\t\t<div class=\"elementor-element elementor-element-17c24d1 e-con-full e-flex e-con e-child\" data-id=\"17c24d1\" data-element_type=\"container\" data-e-type=\"container\">\n\t\t\t\t<div class=\"elementor-element elementor-element-ad2f8e0 elementor-widget elementor-widget-image\" data-id=\"ad2f8e0\" data-element_type=\"widget\" data-e-type=\"widget\" data-widget_type=\"image.default\">\n\t\t\t\t<div class=\"elementor-widget-container\">\n\t\t\t\t\t\t\t\t\t\t\t\t\t\t\t<img loading=\"lazy\" decoding=\"async\" width=\"1024\" height=\"576\" src=\"https:\/\/sacrebleuprod.fr\/wp-content\/uploads\/2026\/03\/LeBleuAuLoin_Visuel3-1024x576.png\" class=\"attachment-large size-large wp-image-19852\" alt=\"\" srcset=\"https:\/\/sacrebleuprod.fr\/wp-content\/uploads\/2026\/03\/LeBleuAuLoin_Visuel3-1024x576.png 1024w, https:\/\/sacrebleuprod.fr\/wp-content\/uploads\/2026\/03\/LeBleuAuLoin_Visuel3-300x169.png 300w, https:\/\/sacrebleuprod.fr\/wp-content\/uploads\/2026\/03\/LeBleuAuLoin_Visuel3-768x432.png 768w, https:\/\/sacrebleuprod.fr\/wp-content\/uploads\/2026\/03\/LeBleuAuLoin_Visuel3-1536x864.png 1536w, https:\/\/sacrebleuprod.fr\/wp-content\/uploads\/2026\/03\/LeBleuAuLoin_Visuel3-600x338.png 600w, https:\/\/sacrebleuprod.fr\/wp-content\/uploads\/2026\/03\/LeBleuAuLoin_Visuel3.png 1920w\" sizes=\"(max-width: 1024px) 100vw, 1024px\" \/>\t\t\t\t\t\t\t\t\t\t\t\t\t\t\t<\/div>\n\t\t\t\t<\/div>\n\t\t\t\t<\/div>\n\t\t<div class=\"elementor-element elementor-element-c919ece e-con-full e-flex e-con e-child\" data-id=\"c919ece\" data-element_type=\"container\" data-e-type=\"container\">\n\t\t\t\t<div class=\"elementor-element elementor-element-a4ebfdb elementor-widget elementor-widget-image\" data-id=\"a4ebfdb\" data-element_type=\"widget\" data-e-type=\"widget\" data-widget_type=\"image.default\">\n\t\t\t\t<div class=\"elementor-widget-container\">\n\t\t\t\t\t\t\t\t\t\t\t\t\t\t\t<img loading=\"lazy\" decoding=\"async\" width=\"1024\" height=\"576\" src=\"https:\/\/sacrebleuprod.fr\/wp-content\/uploads\/2026\/03\/LeBleuAuLoin_Visuel4-1024x576.png\" class=\"attachment-large size-large wp-image-19853\" alt=\"\" srcset=\"https:\/\/sacrebleuprod.fr\/wp-content\/uploads\/2026\/03\/LeBleuAuLoin_Visuel4-1024x576.png 1024w, https:\/\/sacrebleuprod.fr\/wp-content\/uploads\/2026\/03\/LeBleuAuLoin_Visuel4-300x169.png 300w, https:\/\/sacrebleuprod.fr\/wp-content\/uploads\/2026\/03\/LeBleuAuLoin_Visuel4-768x432.png 768w, https:\/\/sacrebleuprod.fr\/wp-content\/uploads\/2026\/03\/LeBleuAuLoin_Visuel4-1536x864.png 1536w, https:\/\/sacrebleuprod.fr\/wp-content\/uploads\/2026\/03\/LeBleuAuLoin_Visuel4-600x338.png 600w, https:\/\/sacrebleuprod.fr\/wp-content\/uploads\/2026\/03\/LeBleuAuLoin_Visuel4.png 1920w\" sizes=\"(max-width: 1024px) 100vw, 1024px\" \/>\t\t\t\t\t\t\t\t\t\t\t\t\t\t\t<\/div>\n\t\t\t\t<\/div>\n\t\t\t\t<\/div>\n\t\t\t\t\t<\/div>\n\t\t\t\t<\/div>\n\t\t\t\t<\/div>\n\t\t","protected":false},"excerpt":{"rendered":"<p>Le bleu au loin Animation 2D-10&#8242; R\u00e9alisateur, Sc\u00e9nariste &amp; Auteur Graphique: Amir Houshang Moein Production: Sacrebleu Productions Un p\u00eacheur fuyant la guerre vit sur une plage lointaine, loin de son pass\u00e9. La migration n\u2019a pas r\u00e9ussi \u00e0 le lib\u00e9rer des souvenirs qui, tels une dent cari\u00e9e, rongent son \u00e2me. Il se per\u00e7oit comme un poisson [&hellip;]<\/p>\n","protected":false},"author":1,"featured_media":0,"parent":1558,"menu_order":0,"comment_status":"closed","ping_status":"closed","template":"","meta":{"site-sidebar-layout":"no-sidebar","site-content-layout":"page-builder","ast-site-content-layout":"default","site-content-style":"default","site-sidebar-style":"default","ast-global-header-display":"","ast-banner-title-visibility":"","ast-main-header-display":"","ast-hfb-above-header-display":"","ast-hfb-below-header-display":"","ast-hfb-mobile-header-display":"","site-post-title":"disabled","ast-breadcrumbs-content":"","ast-featured-img":"disabled","footer-sml-layout":"","ast-disable-related-posts":"","theme-transparent-header-meta":"","adv-header-id-meta":"","stick-header-meta":"","header-above-stick-meta":"","header-main-stick-meta":"","header-below-stick-meta":"","astra-migrate-meta-layouts":"set","ast-page-background-enabled":"default","ast-page-background-meta":{"desktop":{"background-color":"var(--ast-global-color-4)","background-image":"","background-repeat":"repeat","background-position":"center center","background-size":"auto","background-attachment":"scroll","background-type":"","background-media":"","overlay-type":"","overlay-color":"","overlay-opacity":"","overlay-gradient":""},"tablet":{"background-color":"","background-image":"","background-repeat":"repeat","background-position":"center center","background-size":"auto","background-attachment":"scroll","background-type":"","background-media":"","overlay-type":"","overlay-color":"","overlay-opacity":"","overlay-gradient":""},"mobile":{"background-color":"","background-image":"","background-repeat":"repeat","background-position":"center center","background-size":"auto","background-attachment":"scroll","background-type":"","background-media":"","overlay-type":"","overlay-color":"","overlay-opacity":"","overlay-gradient":""}},"ast-content-background-meta":{"desktop":{"background-color":"var(--ast-global-color-5)","background-image":"","background-repeat":"repeat","background-position":"center center","background-size":"auto","background-attachment":"scroll","background-type":"","background-media":"","overlay-type":"","overlay-color":"","overlay-opacity":"","overlay-gradient":""},"tablet":{"background-color":"var(--ast-global-color-5)","background-image":"","background-repeat":"repeat","background-position":"center center","background-size":"auto","background-attachment":"scroll","background-type":"","background-media":"","overlay-type":"","overlay-color":"","overlay-opacity":"","overlay-gradient":""},"mobile":{"background-color":"var(--ast-global-color-5)","background-image":"","background-repeat":"repeat","background-position":"center center","background-size":"auto","background-attachment":"scroll","background-type":"","background-media":"","overlay-type":"","overlay-color":"","overlay-opacity":"","overlay-gradient":""}},"footnotes":""},"class_list":["post-2637","page","type-page","status-publish","hentry"],"_links":{"self":[{"href":"https:\/\/sacrebleuprod.fr\/index.php?rest_route=\/wp\/v2\/pages\/2637","targetHints":{"allow":["GET"]}}],"collection":[{"href":"https:\/\/sacrebleuprod.fr\/index.php?rest_route=\/wp\/v2\/pages"}],"about":[{"href":"https:\/\/sacrebleuprod.fr\/index.php?rest_route=\/wp\/v2\/types\/page"}],"author":[{"embeddable":true,"href":"https:\/\/sacrebleuprod.fr\/index.php?rest_route=\/wp\/v2\/users\/1"}],"replies":[{"embeddable":true,"href":"https:\/\/sacrebleuprod.fr\/index.php?rest_route=%2Fwp%2Fv2%2Fcomments&post=2637"}],"version-history":[{"count":104,"href":"https:\/\/sacrebleuprod.fr\/index.php?rest_route=\/wp\/v2\/pages\/2637\/revisions"}],"predecessor-version":[{"id":20106,"href":"https:\/\/sacrebleuprod.fr\/index.php?rest_route=\/wp\/v2\/pages\/2637\/revisions\/20106"}],"up":[{"embeddable":true,"href":"https:\/\/sacrebleuprod.fr\/index.php?rest_route=\/wp\/v2\/pages\/1558"}],"wp:attachment":[{"href":"https:\/\/sacrebleuprod.fr\/index.php?rest_route=%2Fwp%2Fv2%2Fmedia&parent=2637"}],"curies":[{"name":"wp","href":"https:\/\/api.w.org\/{rel}","templated":true}]}}