{"id":3891,"date":"2024-02-05T12:39:00","date_gmt":"2024-02-05T11:39:00","guid":{"rendered":"https:\/\/sacrebleuprod.fr\/?page_id=3891"},"modified":"2025-12-19T16:15:09","modified_gmt":"2025-12-19T15:15:09","slug":"eden","status":"publish","type":"page","link":"https:\/\/sacrebleuprod.fr\/?page_id=3891","title":{"rendered":"Eden"},"content":{"rendered":"\t\t<div data-elementor-type=\"wp-page\" data-elementor-id=\"3891\" class=\"elementor elementor-3891\">\n\t\t\t\t<div class=\"elementor-element elementor-element-2022d9e e-flex e-con-boxed e-con e-parent\" data-id=\"2022d9e\" data-element_type=\"container\" data-e-type=\"container\">\n\t\t\t\t\t<div class=\"e-con-inner\">\n\t\t<div class=\"elementor-element elementor-element-1fa887a e-con-full e-flex e-con e-child\" data-id=\"1fa887a\" data-element_type=\"container\" data-e-type=\"container\">\n\t\t\t\t<div class=\"elementor-element elementor-element-db7a753 elementor-widget elementor-widget-image\" data-id=\"db7a753\" data-element_type=\"widget\" data-e-type=\"widget\" data-widget_type=\"image.default\">\n\t\t\t\t<div class=\"elementor-widget-container\">\n\t\t\t\t\t\t\t\t\t\t\t\t\t\t\t<img fetchpriority=\"high\" decoding=\"async\" width=\"698\" height=\"1024\" src=\"https:\/\/sacrebleuprod.fr\/wp-content\/uploads\/2024\/02\/AFFICHE-400x600-apla-e1727775313132-698x1024.jpg\" class=\"attachment-large size-large wp-image-3894\" alt=\"\" srcset=\"https:\/\/sacrebleuprod.fr\/wp-content\/uploads\/2024\/02\/AFFICHE-400x600-apla-e1727775313132-698x1024.jpg 698w, https:\/\/sacrebleuprod.fr\/wp-content\/uploads\/2024\/02\/AFFICHE-400x600-apla-e1727775313132-600x880.jpg 600w, https:\/\/sacrebleuprod.fr\/wp-content\/uploads\/2024\/02\/AFFICHE-400x600-apla-e1727775313132-205x300.jpg 205w, https:\/\/sacrebleuprod.fr\/wp-content\/uploads\/2024\/02\/AFFICHE-400x600-apla-e1727775313132-768x1126.jpg 768w, https:\/\/sacrebleuprod.fr\/wp-content\/uploads\/2024\/02\/AFFICHE-400x600-apla-e1727775313132-1047x1536.jpg 1047w, https:\/\/sacrebleuprod.fr\/wp-content\/uploads\/2024\/02\/AFFICHE-400x600-apla-e1727775313132.jpg 1190w\" sizes=\"(max-width: 698px) 100vw, 698px\" \/>\t\t\t\t\t\t\t\t\t\t\t\t\t\t\t<\/div>\n\t\t\t\t<\/div>\n\t\t\t\t<\/div>\n\t\t<div class=\"elementor-element elementor-element-9720575 e-con-full e-flex e-con e-child\" data-id=\"9720575\" data-element_type=\"container\" data-e-type=\"container\">\n\t\t<div class=\"elementor-element elementor-element-a8e9064 e-flex e-con-boxed e-con e-child\" data-id=\"a8e9064\" data-element_type=\"container\" data-e-type=\"container\">\n\t\t\t\t\t<div class=\"e-con-inner\">\n\t\t\t\t<div class=\"elementor-element elementor-element-34a3aea elementor-widget elementor-widget-heading\" data-id=\"34a3aea\" data-element_type=\"widget\" data-e-type=\"widget\" data-widget_type=\"heading.default\">\n\t\t\t\t<div class=\"elementor-widget-container\">\n\t\t\t\t\t<h2 class=\"elementor-heading-title elementor-size-default\">Eden<\/h2>\t\t\t\t<\/div>\n\t\t\t\t<\/div>\n\t\t\t\t\t<\/div>\n\t\t\t\t<\/div>\n\t\t<div class=\"elementor-element elementor-element-d73f1dd e-flex e-con-boxed e-con e-child\" data-id=\"d73f1dd\" data-element_type=\"container\" data-e-type=\"container\">\n\t\t\t\t\t<div class=\"e-con-inner\">\n\t\t\t\t<div class=\"elementor-element elementor-element-cdd0bd4 elementor-widget elementor-widget-text-editor\" data-id=\"cdd0bd4\" data-element_type=\"widget\" data-e-type=\"widget\" data-widget_type=\"text-editor.default\">\n\t\t\t\t<div class=\"elementor-widget-container\">\n\t\t\t\t\t\t\t\t\t<h2 style=\"margin-bottom: 0px; font-weight: 400; font-style: normal; font-size: 19px; font-family: Urbanist, sans-serif; color: #000000;\" data-elementor-setting-key=\"title\" data-pen-placeholder=\"Type Here...\"><span style=\"font-weight: bold;\">Animation 2D-5&#8242;-Ado-Adulte<br><br><\/span><p><\/p>\n<p><span style=\"font-weight: bold;\">R\u00e9alisatrice, Sc\u00e9nariste &amp; Autrice graphique<\/span><span style=\"font-weight: bold;\">:<\/span>&nbsp;<a href=\"https:\/\/sacrebleuprod.fr\/?page_id=17172\" style=\"background-color: rgb(255, 255, 255); line-height: inherit;\">Julie Caty<\/a><\/p>\n<p><span style=\"font-weight: bold;\">Compositeur:<\/span> Portron Portron Lopez<\/p>\n<p><span style=\"font-weight: bold;\">Production:<\/span> Sacrebleu Productions<\/p>\n<p><br>E et A s&#8217;ennuient \u00e0 mourir&nbsp; dans le jardin d&#8217;Eden. Une nuit, ils s&#8217;enfuient en empruntant la d\u00e9capotable de Dieu. Au petit matin, ce dernier s&#8217;aper\u00e7oit de leur absence. Furieux, il convoque Dinosaure, son homme de main, et le lance \u00e0 la poursuite des fuyards. E et A arrivent bient\u00f4t en ville : \u00e0 eux la grande vie ! Mais Dinosaure est \u00e0 leur trousse et bient\u00f4t les retrouve attabl\u00e9s devant une montagne de burgers. Alors, lentement, il sort son arme de sa poche, et puis il tire.<\/p>\n<\/h2>\t\t\t\t\t\t\t\t<\/div>\n\t\t\t\t<\/div>\n\t\t\t\t\t<\/div>\n\t\t\t\t<\/div>\n\t\t\t\t<\/div>\n\t\t\t\t\t<\/div>\n\t\t\t\t<\/div>\n\t\t<div class=\"elementor-element elementor-element-f0746d2 e-con-full e-flex e-con e-parent\" data-id=\"f0746d2\" data-element_type=\"container\" data-e-type=\"container\">\n\t\t\t\t<div class=\"elementor-element elementor-element-86c1bca elementor-widget__width-initial elementor-widget elementor-widget-image\" data-id=\"86c1bca\" data-element_type=\"widget\" data-e-type=\"widget\" data-widget_type=\"image.default\">\n\t\t\t\t<div class=\"elementor-widget-container\">\n\t\t\t\t\t\t\t\t\t\t\t\t\t\t\t<img decoding=\"async\" width=\"286\" height=\"87\" src=\"https:\/\/sacrebleuprod.fr\/wp-content\/uploads\/2023\/11\/Capture-decran-2023-11-29-a-15.03.49.png\" class=\"attachment-medium size-medium wp-image-2363\" alt=\"\" \/>\t\t\t\t\t\t\t\t\t\t\t\t\t\t\t<\/div>\n\t\t\t\t<\/div>\n\t\t\t\t<\/div>\n\t\t<div class=\"elementor-element elementor-element-a781255 e-con-full e-flex e-con e-parent\" data-id=\"a781255\" data-element_type=\"container\" data-e-type=\"container\">\n\t\t<div class=\"elementor-element elementor-element-6f97fe7 e-con-full e-flex e-con e-child\" data-id=\"6f97fe7\" data-element_type=\"container\" data-e-type=\"container\">\n\t\t\t\t<div class=\"elementor-element elementor-element-1c2e6cf elementor-widget__width-initial elementor-widget elementor-widget-image\" data-id=\"1c2e6cf\" data-element_type=\"widget\" data-e-type=\"widget\" data-widget_type=\"image.default\">\n\t\t\t\t<div class=\"elementor-widget-container\">\n\t\t\t\t\t\t\t\t\t\t\t\t\t\t\t<img decoding=\"async\" width=\"1024\" height=\"680\" src=\"https:\/\/sacrebleuprod.fr\/wp-content\/uploads\/2024\/02\/OFFICIAL-SELECTION-AnimEst-2018-1024x680.png\" class=\"attachment-large size-large wp-image-4149\" alt=\"\" srcset=\"https:\/\/sacrebleuprod.fr\/wp-content\/uploads\/2024\/02\/OFFICIAL-SELECTION-AnimEst-2018-1024x680.png 1024w, https:\/\/sacrebleuprod.fr\/wp-content\/uploads\/2024\/02\/OFFICIAL-SELECTION-AnimEst-2018-600x398.png 600w, https:\/\/sacrebleuprod.fr\/wp-content\/uploads\/2024\/02\/OFFICIAL-SELECTION-AnimEst-2018-300x199.png 300w, https:\/\/sacrebleuprod.fr\/wp-content\/uploads\/2024\/02\/OFFICIAL-SELECTION-AnimEst-2018-768x510.png 768w, https:\/\/sacrebleuprod.fr\/wp-content\/uploads\/2024\/02\/OFFICIAL-SELECTION-AnimEst-2018-1536x1020.png 1536w, https:\/\/sacrebleuprod.fr\/wp-content\/uploads\/2024\/02\/OFFICIAL-SELECTION-AnimEst-2018.png 1735w\" sizes=\"(max-width: 1024px) 100vw, 1024px\" \/>\t\t\t\t\t\t\t\t\t\t\t\t\t\t\t<\/div>\n\t\t\t\t<\/div>\n\t\t\t\t<\/div>\n\t\t<div class=\"elementor-element elementor-element-55c0a33 e-con-full e-flex e-con e-child\" data-id=\"55c0a33\" data-element_type=\"container\" data-e-type=\"container\">\n\t\t\t\t<div class=\"elementor-element elementor-element-fd586b6 elementor-widget elementor-widget-image\" data-id=\"fd586b6\" data-element_type=\"widget\" data-e-type=\"widget\" data-widget_type=\"image.default\">\n\t\t\t\t<div class=\"elementor-widget-container\">\n\t\t\t\t\t\t\t\t\t\t\t\t\t\t\t<img loading=\"lazy\" decoding=\"async\" width=\"1024\" height=\"680\" src=\"https:\/\/sacrebleuprod.fr\/wp-content\/uploads\/2024\/02\/OFFICIAL-SELECTION-BIAF-2017-1024x680.png\" class=\"attachment-large size-large wp-image-4150\" alt=\"\" srcset=\"https:\/\/sacrebleuprod.fr\/wp-content\/uploads\/2024\/02\/OFFICIAL-SELECTION-BIAF-2017-1024x680.png 1024w, https:\/\/sacrebleuprod.fr\/wp-content\/uploads\/2024\/02\/OFFICIAL-SELECTION-BIAF-2017-600x398.png 600w, https:\/\/sacrebleuprod.fr\/wp-content\/uploads\/2024\/02\/OFFICIAL-SELECTION-BIAF-2017-300x199.png 300w, https:\/\/sacrebleuprod.fr\/wp-content\/uploads\/2024\/02\/OFFICIAL-SELECTION-BIAF-2017-768x510.png 768w, https:\/\/sacrebleuprod.fr\/wp-content\/uploads\/2024\/02\/OFFICIAL-SELECTION-BIAF-2017-1536x1020.png 1536w, https:\/\/sacrebleuprod.fr\/wp-content\/uploads\/2024\/02\/OFFICIAL-SELECTION-BIAF-2017.png 1735w\" sizes=\"(max-width: 1024px) 100vw, 1024px\" \/>\t\t\t\t\t\t\t\t\t\t\t\t\t\t\t<\/div>\n\t\t\t\t<\/div>\n\t\t\t\t<\/div>\n\t\t<div class=\"elementor-element elementor-element-201e3c3 e-con-full e-flex e-con e-child\" data-id=\"201e3c3\" data-element_type=\"container\" data-e-type=\"container\">\n\t\t\t\t<div class=\"elementor-element elementor-element-844c74d elementor-widget__width-initial elementor-widget elementor-widget-image\" data-id=\"844c74d\" data-element_type=\"widget\" data-e-type=\"widget\" data-widget_type=\"image.default\">\n\t\t\t\t<div class=\"elementor-widget-container\">\n\t\t\t\t\t\t\t\t\t\t\t\t\t\t\t<img loading=\"lazy\" decoding=\"async\" width=\"1024\" height=\"680\" src=\"https:\/\/sacrebleuprod.fr\/wp-content\/uploads\/2024\/02\/OFFICIAL-SELECTION-Festival-international-du-film-danimation-de-Stuggart-2018-1024x680.png\" class=\"attachment-large size-large wp-image-4151\" alt=\"\" srcset=\"https:\/\/sacrebleuprod.fr\/wp-content\/uploads\/2024\/02\/OFFICIAL-SELECTION-Festival-international-du-film-danimation-de-Stuggart-2018-1024x680.png 1024w, https:\/\/sacrebleuprod.fr\/wp-content\/uploads\/2024\/02\/OFFICIAL-SELECTION-Festival-international-du-film-danimation-de-Stuggart-2018-600x398.png 600w, https:\/\/sacrebleuprod.fr\/wp-content\/uploads\/2024\/02\/OFFICIAL-SELECTION-Festival-international-du-film-danimation-de-Stuggart-2018-300x199.png 300w, https:\/\/sacrebleuprod.fr\/wp-content\/uploads\/2024\/02\/OFFICIAL-SELECTION-Festival-international-du-film-danimation-de-Stuggart-2018-768x510.png 768w, https:\/\/sacrebleuprod.fr\/wp-content\/uploads\/2024\/02\/OFFICIAL-SELECTION-Festival-international-du-film-danimation-de-Stuggart-2018-1536x1020.png 1536w, https:\/\/sacrebleuprod.fr\/wp-content\/uploads\/2024\/02\/OFFICIAL-SELECTION-Festival-international-du-film-danimation-de-Stuggart-2018.png 1735w\" sizes=\"(max-width: 1024px) 100vw, 1024px\" \/>\t\t\t\t\t\t\t\t\t\t\t\t\t\t\t<\/div>\n\t\t\t\t<\/div>\n\t\t\t\t<\/div>\n\t\t\t\t<\/div>\n\t\t<div class=\"elementor-element elementor-element-c1de6cb e-grid e-con-boxed e-con e-parent\" data-id=\"c1de6cb\" data-element_type=\"container\" data-e-type=\"container\">\n\t\t\t\t\t<div class=\"e-con-inner\">\n\t\t\t\t<div class=\"elementor-element elementor-element-d8d6b72 elementor-align-center elementor-widget elementor-widget-button\" data-id=\"d8d6b72\" data-element_type=\"widget\" data-e-type=\"widget\" data-widget_type=\"button.default\">\n\t\t\t\t<div class=\"elementor-widget-container\">\n\t\t\t\t\t\t\t\t\t<div class=\"elementor-button-wrapper\">\n\t\t\t\t\t<a class=\"elementor-button elementor-button-link elementor-size-sm\" href=\"http:\/\/sacrebleuprod.fr\/wp-content\/uploads\/2024\/02\/Fiche-technique-Eden.pdf\" target=\"_blank\">\n\t\t\t\t\t\t<span class=\"elementor-button-content-wrapper\">\n\t\t\t\t\t\t\t\t\t<span class=\"elementor-button-text\">Fiche Technique<\/span>\n\t\t\t\t\t<\/span>\n\t\t\t\t\t<\/a>\n\t\t\t\t<\/div>\n\t\t\t\t\t\t\t\t<\/div>\n\t\t\t\t<\/div>\n\t\t\t\t<div class=\"elementor-element elementor-element-b032b5d elementor-align-center elementor-widget elementor-widget-button\" data-id=\"b032b5d\" data-element_type=\"widget\" data-e-type=\"widget\" data-widget_type=\"button.default\">\n\t\t\t\t<div class=\"elementor-widget-container\">\n\t\t\t\t\t\t\t\t\t<div class=\"elementor-button-wrapper\">\n\t\t\t\t\t<a class=\"elementor-button elementor-button-link elementor-size-sm\" href=\"https:\/\/youtu.be\/1mKLuOhFmQo?si=SpZ7KGkJjtiDZaTY\" target=\"_blank\">\n\t\t\t\t\t\t<span class=\"elementor-button-content-wrapper\">\n\t\t\t\t\t\t\t\t\t<span class=\"elementor-button-text\">Voir le film sur Youtube<\/span>\n\t\t\t\t\t<\/span>\n\t\t\t\t\t<\/a>\n\t\t\t\t<\/div>\n\t\t\t\t\t\t\t\t<\/div>\n\t\t\t\t<\/div>\n\t\t\t\t\t<\/div>\n\t\t\t\t<\/div>\n\t\t<div class=\"elementor-element elementor-element-47a90a1 e-flex e-con-boxed e-con e-parent\" data-id=\"47a90a1\" data-element_type=\"container\" data-e-type=\"container\">\n\t\t\t\t\t<div class=\"e-con-inner\">\n\t\t<div class=\"elementor-element elementor-element-af61413 e-con-full e-flex e-con e-child\" data-id=\"af61413\" data-element_type=\"container\" data-e-type=\"container\">\n\t\t\t\t<div class=\"elementor-element elementor-element-f15ecab elementor-widget elementor-widget-image\" data-id=\"f15ecab\" data-element_type=\"widget\" data-e-type=\"widget\" data-widget_type=\"image.default\">\n\t\t\t\t<div class=\"elementor-widget-container\">\n\t\t\t\t\t\t\t\t\t\t\t\t\t\t\t<img loading=\"lazy\" decoding=\"async\" width=\"1024\" height=\"429\" src=\"https:\/\/sacrebleuprod.fr\/wp-content\/uploads\/2024\/02\/EDEN-1-1024x429.jpg\" class=\"attachment-large size-large wp-image-3905\" alt=\"\" srcset=\"https:\/\/sacrebleuprod.fr\/wp-content\/uploads\/2024\/02\/EDEN-1-1024x429.jpg 1024w, https:\/\/sacrebleuprod.fr\/wp-content\/uploads\/2024\/02\/EDEN-1-scaled-600x251.jpg 600w, https:\/\/sacrebleuprod.fr\/wp-content\/uploads\/2024\/02\/EDEN-1-300x126.jpg 300w, https:\/\/sacrebleuprod.fr\/wp-content\/uploads\/2024\/02\/EDEN-1-768x322.jpg 768w, https:\/\/sacrebleuprod.fr\/wp-content\/uploads\/2024\/02\/EDEN-1-1536x644.jpg 1536w, https:\/\/sacrebleuprod.fr\/wp-content\/uploads\/2024\/02\/EDEN-1-2048x858.jpg 2048w\" sizes=\"(max-width: 1024px) 100vw, 1024px\" \/>\t\t\t\t\t\t\t\t\t\t\t\t\t\t\t<\/div>\n\t\t\t\t<\/div>\n\t\t\t\t<div class=\"elementor-element elementor-element-4393d6e elementor-widget__width-initial elementor-widget elementor-widget-image\" data-id=\"4393d6e\" data-element_type=\"widget\" data-e-type=\"widget\" data-settings=\"{&quot;_animation&quot;:&quot;none&quot;}\" data-widget_type=\"image.default\">\n\t\t\t\t<div class=\"elementor-widget-container\">\n\t\t\t\t\t\t\t\t\t\t\t\t\t\t\t<img loading=\"lazy\" decoding=\"async\" width=\"1024\" height=\"429\" src=\"https:\/\/sacrebleuprod.fr\/wp-content\/uploads\/2024\/02\/EDEN-8-1024x429.jpg\" class=\"attachment-large size-large wp-image-3907\" alt=\"\" srcset=\"https:\/\/sacrebleuprod.fr\/wp-content\/uploads\/2024\/02\/EDEN-8-1024x429.jpg 1024w, https:\/\/sacrebleuprod.fr\/wp-content\/uploads\/2024\/02\/EDEN-8-scaled-600x251.jpg 600w, https:\/\/sacrebleuprod.fr\/wp-content\/uploads\/2024\/02\/EDEN-8-300x126.jpg 300w, https:\/\/sacrebleuprod.fr\/wp-content\/uploads\/2024\/02\/EDEN-8-768x322.jpg 768w, https:\/\/sacrebleuprod.fr\/wp-content\/uploads\/2024\/02\/EDEN-8-1536x644.jpg 1536w, https:\/\/sacrebleuprod.fr\/wp-content\/uploads\/2024\/02\/EDEN-8-2048x858.jpg 2048w\" sizes=\"(max-width: 1024px) 100vw, 1024px\" \/>\t\t\t\t\t\t\t\t\t\t\t\t\t\t\t<\/div>\n\t\t\t\t<\/div>\n\t\t\t\t<\/div>\n\t\t<div class=\"elementor-element elementor-element-45695d5 e-con-full e-flex e-con e-child\" data-id=\"45695d5\" data-element_type=\"container\" data-e-type=\"container\">\n\t\t\t\t<div class=\"elementor-element elementor-element-73a1f73 elementor-widget__width-initial elementor-widget elementor-widget-image\" data-id=\"73a1f73\" data-element_type=\"widget\" data-e-type=\"widget\" data-widget_type=\"image.default\">\n\t\t\t\t<div class=\"elementor-widget-container\">\n\t\t\t\t\t\t\t\t\t\t\t\t\t\t\t<img loading=\"lazy\" decoding=\"async\" width=\"1024\" height=\"429\" src=\"https:\/\/sacrebleuprod.fr\/wp-content\/uploads\/2024\/02\/EDEN-3-1024x429.jpg\" class=\"attachment-large size-large wp-image-3906\" alt=\"\" srcset=\"https:\/\/sacrebleuprod.fr\/wp-content\/uploads\/2024\/02\/EDEN-3-1024x429.jpg 1024w, https:\/\/sacrebleuprod.fr\/wp-content\/uploads\/2024\/02\/EDEN-3-scaled-600x251.jpg 600w, https:\/\/sacrebleuprod.fr\/wp-content\/uploads\/2024\/02\/EDEN-3-300x126.jpg 300w, https:\/\/sacrebleuprod.fr\/wp-content\/uploads\/2024\/02\/EDEN-3-768x322.jpg 768w, https:\/\/sacrebleuprod.fr\/wp-content\/uploads\/2024\/02\/EDEN-3-1536x644.jpg 1536w, https:\/\/sacrebleuprod.fr\/wp-content\/uploads\/2024\/02\/EDEN-3-2048x858.jpg 2048w\" sizes=\"(max-width: 1024px) 100vw, 1024px\" \/>\t\t\t\t\t\t\t\t\t\t\t\t\t\t\t<\/div>\n\t\t\t\t<\/div>\n\t\t\t\t<div class=\"elementor-element elementor-element-c66f54c elementor-widget__width-initial elementor-widget elementor-widget-image\" data-id=\"c66f54c\" data-element_type=\"widget\" data-e-type=\"widget\" data-widget_type=\"image.default\">\n\t\t\t\t<div class=\"elementor-widget-container\">\n\t\t\t\t\t\t\t\t\t\t\t\t\t\t\t<img loading=\"lazy\" decoding=\"async\" width=\"1024\" height=\"429\" src=\"https:\/\/sacrebleuprod.fr\/wp-content\/uploads\/2024\/02\/EDEN-17-1024x429.jpg\" class=\"attachment-large size-large wp-image-3908\" alt=\"\" srcset=\"https:\/\/sacrebleuprod.fr\/wp-content\/uploads\/2024\/02\/EDEN-17-1024x429.jpg 1024w, https:\/\/sacrebleuprod.fr\/wp-content\/uploads\/2024\/02\/EDEN-17-scaled-600x251.jpg 600w, https:\/\/sacrebleuprod.fr\/wp-content\/uploads\/2024\/02\/EDEN-17-300x126.jpg 300w, https:\/\/sacrebleuprod.fr\/wp-content\/uploads\/2024\/02\/EDEN-17-768x322.jpg 768w, https:\/\/sacrebleuprod.fr\/wp-content\/uploads\/2024\/02\/EDEN-17-1536x644.jpg 1536w, https:\/\/sacrebleuprod.fr\/wp-content\/uploads\/2024\/02\/EDEN-17-2048x858.jpg 2048w\" sizes=\"(max-width: 1024px) 100vw, 1024px\" \/>\t\t\t\t\t\t\t\t\t\t\t\t\t\t\t<\/div>\n\t\t\t\t<\/div>\n\t\t\t\t<\/div>\n\t\t\t\t\t<\/div>\n\t\t\t\t<\/div>\n\t\t\t\t<\/div>\n\t\t","protected":false},"excerpt":{"rendered":"<p>Eden Animation 2D-5&#8242;-Ado-Adulte R\u00e9alisatrice, Sc\u00e9nariste &amp; Autrice graphique:&nbsp;Julie Caty Compositeur: Portron Portron Lopez Production: Sacrebleu Productions E et A s&#8217;ennuient \u00e0 mourir&nbsp; dans le jardin d&#8217;Eden. Une nuit, ils s&#8217;enfuient en empruntant la d\u00e9capotable de Dieu. Au petit matin, ce dernier s&#8217;aper\u00e7oit de leur absence. Furieux, il convoque Dinosaure, son homme de main, et le [&hellip;]<\/p>\n","protected":false},"author":1,"featured_media":0,"parent":1559,"menu_order":0,"comment_status":"closed","ping_status":"closed","template":"","meta":{"site-sidebar-layout":"no-sidebar","site-content-layout":"page-builder","ast-site-content-layout":"default","site-content-style":"default","site-sidebar-style":"default","ast-global-header-display":"","ast-banner-title-visibility":"","ast-main-header-display":"","ast-hfb-above-header-display":"","ast-hfb-below-header-display":"","ast-hfb-mobile-header-display":"","site-post-title":"disabled","ast-breadcrumbs-content":"","ast-featured-img":"disabled","footer-sml-layout":"","ast-disable-related-posts":"","theme-transparent-header-meta":"","adv-header-id-meta":"","stick-header-meta":"","header-above-stick-meta":"","header-main-stick-meta":"","header-below-stick-meta":"","astra-migrate-meta-layouts":"set","ast-page-background-enabled":"default","ast-page-background-meta":{"desktop":{"background-color":"var(--ast-global-color-4)","background-image":"","background-repeat":"repeat","background-position":"center center","background-size":"auto","background-attachment":"scroll","background-type":"","background-media":"","overlay-type":"","overlay-color":"","overlay-opacity":"","overlay-gradient":""},"tablet":{"background-color":"","background-image":"","background-repeat":"repeat","background-position":"center center","background-size":"auto","background-attachment":"scroll","background-type":"","background-media":"","overlay-type":"","overlay-color":"","overlay-opacity":"","overlay-gradient":""},"mobile":{"background-color":"","background-image":"","background-repeat":"repeat","background-position":"center center","background-size":"auto","background-attachment":"scroll","background-type":"","background-media":"","overlay-type":"","overlay-color":"","overlay-opacity":"","overlay-gradient":""}},"ast-content-background-meta":{"desktop":{"background-color":"var(--ast-global-color-5)","background-image":"","background-repeat":"repeat","background-position":"center center","background-size":"auto","background-attachment":"scroll","background-type":"","background-media":"","overlay-type":"","overlay-color":"","overlay-opacity":"","overlay-gradient":""},"tablet":{"background-color":"var(--ast-global-color-5)","background-image":"","background-repeat":"repeat","background-position":"center center","background-size":"auto","background-attachment":"scroll","background-type":"","background-media":"","overlay-type":"","overlay-color":"","overlay-opacity":"","overlay-gradient":""},"mobile":{"background-color":"var(--ast-global-color-5)","background-image":"","background-repeat":"repeat","background-position":"center center","background-size":"auto","background-attachment":"scroll","background-type":"","background-media":"","overlay-type":"","overlay-color":"","overlay-opacity":"","overlay-gradient":""}},"footnotes":""},"class_list":["post-3891","page","type-page","status-publish","hentry"],"_links":{"self":[{"href":"https:\/\/sacrebleuprod.fr\/index.php?rest_route=\/wp\/v2\/pages\/3891","targetHints":{"allow":["GET"]}}],"collection":[{"href":"https:\/\/sacrebleuprod.fr\/index.php?rest_route=\/wp\/v2\/pages"}],"about":[{"href":"https:\/\/sacrebleuprod.fr\/index.php?rest_route=\/wp\/v2\/types\/page"}],"author":[{"embeddable":true,"href":"https:\/\/sacrebleuprod.fr\/index.php?rest_route=\/wp\/v2\/users\/1"}],"replies":[{"embeddable":true,"href":"https:\/\/sacrebleuprod.fr\/index.php?rest_route=%2Fwp%2Fv2%2Fcomments&post=3891"}],"version-history":[{"count":53,"href":"https:\/\/sacrebleuprod.fr\/index.php?rest_route=\/wp\/v2\/pages\/3891\/revisions"}],"predecessor-version":[{"id":18978,"href":"https:\/\/sacrebleuprod.fr\/index.php?rest_route=\/wp\/v2\/pages\/3891\/revisions\/18978"}],"up":[{"embeddable":true,"href":"https:\/\/sacrebleuprod.fr\/index.php?rest_route=\/wp\/v2\/pages\/1559"}],"wp:attachment":[{"href":"https:\/\/sacrebleuprod.fr\/index.php?rest_route=%2Fwp%2Fv2%2Fmedia&parent=3891"}],"curies":[{"name":"wp","href":"https:\/\/api.w.org\/{rel}","templated":true}]}}