{"id":5463,"date":"2024-03-11T14:17:11","date_gmt":"2024-03-11T13:17:11","guid":{"rendered":"https:\/\/sacrebleuprod.fr\/?page_id=5463"},"modified":"2024-10-29T10:53:10","modified_gmt":"2024-10-29T09:53:10","slug":"tourments-damour","status":"publish","type":"page","link":"https:\/\/sacrebleuprod.fr\/?page_id=5463","title":{"rendered":"Tourments d&#8217;Amour"},"content":{"rendered":"\t\t<div data-elementor-type=\"wp-page\" data-elementor-id=\"5463\" class=\"elementor elementor-5463\">\n\t\t\t\t<div class=\"elementor-element elementor-element-2022d9e e-con-full e-flex e-con e-parent\" data-id=\"2022d9e\" data-element_type=\"container\" data-e-type=\"container\">\n\t\t<div class=\"elementor-element elementor-element-1fa887a e-con-full e-flex e-con e-child\" data-id=\"1fa887a\" data-element_type=\"container\" data-e-type=\"container\">\n\t\t\t\t<div class=\"elementor-element elementor-element-db7a753 elementor-widget elementor-widget-image\" data-id=\"db7a753\" data-element_type=\"widget\" data-e-type=\"widget\" data-widget_type=\"image.default\">\n\t\t\t\t<div class=\"elementor-widget-container\">\n\t\t\t\t\t\t\t\t\t\t\t\t\t\t\t<img fetchpriority=\"high\" decoding=\"async\" width=\"732\" height=\"1024\" src=\"https:\/\/sacrebleuprod.fr\/wp-content\/uploads\/2024\/03\/TDA_AFF_102017_FR-732x1024.png\" class=\"attachment-large size-large wp-image-5465\" alt=\"\" srcset=\"https:\/\/sacrebleuprod.fr\/wp-content\/uploads\/2024\/03\/TDA_AFF_102017_FR-732x1024.png 732w, https:\/\/sacrebleuprod.fr\/wp-content\/uploads\/2024\/03\/TDA_AFF_102017_FR-600x840.png 600w, https:\/\/sacrebleuprod.fr\/wp-content\/uploads\/2024\/03\/TDA_AFF_102017_FR-214x300.png 214w, https:\/\/sacrebleuprod.fr\/wp-content\/uploads\/2024\/03\/TDA_AFF_102017_FR-768x1075.png 768w, https:\/\/sacrebleuprod.fr\/wp-content\/uploads\/2024\/03\/TDA_AFF_102017_FR-1097x1536.png 1097w, https:\/\/sacrebleuprod.fr\/wp-content\/uploads\/2024\/03\/TDA_AFF_102017_FR-1463x2048.png 1463w, https:\/\/sacrebleuprod.fr\/wp-content\/uploads\/2024\/03\/TDA_AFF_102017_FR.png 1969w\" sizes=\"(max-width: 732px) 100vw, 732px\" \/>\t\t\t\t\t\t\t\t\t\t\t\t\t\t\t<\/div>\n\t\t\t\t<\/div>\n\t\t\t\t<\/div>\n\t\t<div class=\"elementor-element elementor-element-9720575 e-con-full e-flex e-con e-child\" data-id=\"9720575\" data-element_type=\"container\" data-e-type=\"container\">\n\t\t<div class=\"elementor-element elementor-element-a8e9064 e-flex e-con-boxed e-con e-child\" data-id=\"a8e9064\" data-element_type=\"container\" data-e-type=\"container\">\n\t\t\t\t\t<div class=\"e-con-inner\">\n\t\t\t\t<div class=\"elementor-element elementor-element-34a3aea elementor-widget elementor-widget-heading\" data-id=\"34a3aea\" data-element_type=\"widget\" data-e-type=\"widget\" data-widget_type=\"heading.default\">\n\t\t\t\t<div class=\"elementor-widget-container\">\n\t\t\t\t\t<h2 class=\"elementor-heading-title elementor-size-default\">Tourments d'amour<\/h2>\t\t\t\t<\/div>\n\t\t\t\t<\/div>\n\t\t\t\t\t<\/div>\n\t\t\t\t<\/div>\n\t\t<div class=\"elementor-element elementor-element-d73f1dd e-flex e-con-boxed e-con e-child\" data-id=\"d73f1dd\" data-element_type=\"container\" data-e-type=\"container\">\n\t\t\t\t\t<div class=\"e-con-inner\">\n\t\t\t\t<div class=\"elementor-element elementor-element-b0d2820 elementor-widget__width-initial elementor-widget elementor-widget-heading\" data-id=\"b0d2820\" data-element_type=\"widget\" data-e-type=\"widget\" data-widget_type=\"heading.default\">\n\t\t\t\t<div class=\"elementor-widget-container\">\n\t\t\t\t\t<h2 class=\"elementor-heading-title elementor-size-medium\"><b>Prise de vue r\u00e9elle-53'-Tous publics<\/b>\n<br><br>\n<br><b>R\u00e9alisatrice &amp; Sc\u00e9nariste:<\/b> Caroline Jules<br> <br><b>Compositeur:<\/b> Laurent Ganem<br><br><b>Production:<\/b> Sacrebleu Productions, Kontras' Prod, Skyprod<br><br><br><br>Sur une \u00eele au large de la Guadeloupe, deux soeurs, Myriam et Vanessa, s'appr\u00eatent \u00e0 passer quelques jours dans la maison familiale o\u00f9 plane encore le doux souvenir de leur grand-m\u00e8re. Mais Vanessa ignore qu'un invit\u00e9 est attendu pour d\u00e9jeuner et lorsqu'elle voit arriver leur p\u00e8re, cet homme froid et taiseux dont elle ne veut plus entendre parler, il est trop tard trop esquiver le face \u00e0 face. Autour de la table, non dits, provocations et maladresses am\u00e8neront chacun \u00e0 se confronter \u00e0 l'ambigu\u00eft\u00e9 de ses sentiments.<br><\/h2>\t\t\t\t<\/div>\n\t\t\t\t<\/div>\n\t\t\t\t\t<\/div>\n\t\t\t\t<\/div>\n\t\t\t\t<\/div>\n\t\t\t\t<\/div>\n\t\t<div class=\"elementor-element elementor-element-30ba17f e-con-full e-flex e-con e-parent\" data-id=\"30ba17f\" data-element_type=\"container\" data-e-type=\"container\">\n\t\t\t\t<div class=\"elementor-element elementor-element-d9b9c10 elementor-widget elementor-widget-image\" data-id=\"d9b9c10\" data-element_type=\"widget\" data-e-type=\"widget\" data-widget_type=\"image.default\">\n\t\t\t\t<div class=\"elementor-widget-container\">\n\t\t\t\t\t\t\t\t\t\t\t\t\t\t\t<img decoding=\"async\" width=\"540\" height=\"146\" src=\"https:\/\/sacrebleuprod.fr\/wp-content\/uploads\/2023\/11\/logo-sign-charte-graphique-3.jpeg\" class=\"attachment-large size-large wp-image-2678\" alt=\"\" srcset=\"https:\/\/sacrebleuprod.fr\/wp-content\/uploads\/2023\/11\/logo-sign-charte-graphique-3.jpeg 540w, https:\/\/sacrebleuprod.fr\/wp-content\/uploads\/2023\/11\/logo-sign-charte-graphique-3-300x81.jpeg 300w\" sizes=\"(max-width: 540px) 100vw, 540px\" \/>\t\t\t\t\t\t\t\t\t\t\t\t\t\t\t<\/div>\n\t\t\t\t<\/div>\n\t\t\t\t<\/div>\n\t\t<div class=\"elementor-element elementor-element-fa41539 e-flex e-con-boxed e-con e-parent\" data-id=\"fa41539\" data-element_type=\"container\" data-e-type=\"container\">\n\t\t\t\t\t<div class=\"e-con-inner\">\n\t\t<div class=\"elementor-element elementor-element-0d82ad5 e-con-full e-flex e-con e-child\" data-id=\"0d82ad5\" data-element_type=\"container\" data-e-type=\"container\">\n\t\t\t\t<div class=\"elementor-element elementor-element-a9a54ff elementor-widget__width-initial elementor-widget elementor-widget-image\" data-id=\"a9a54ff\" data-element_type=\"widget\" data-e-type=\"widget\" data-widget_type=\"image.default\">\n\t\t\t\t<div class=\"elementor-widget-container\">\n\t\t\t\t\t\t\t\t\t\t\t\t\t\t\t<img decoding=\"async\" width=\"1024\" height=\"671\" src=\"https:\/\/sacrebleuprod.fr\/wp-content\/uploads\/2024\/03\/UW17_laurels_awards_best_narrative_feature_WORLD_Honorable_Mention_blk-1024x671.png\" class=\"attachment-large size-large wp-image-5469\" alt=\"\" srcset=\"https:\/\/sacrebleuprod.fr\/wp-content\/uploads\/2024\/03\/UW17_laurels_awards_best_narrative_feature_WORLD_Honorable_Mention_blk-1024x671.png 1024w, https:\/\/sacrebleuprod.fr\/wp-content\/uploads\/2024\/03\/UW17_laurels_awards_best_narrative_feature_WORLD_Honorable_Mention_blk-600x393.png 600w, https:\/\/sacrebleuprod.fr\/wp-content\/uploads\/2024\/03\/UW17_laurels_awards_best_narrative_feature_WORLD_Honorable_Mention_blk-300x197.png 300w, https:\/\/sacrebleuprod.fr\/wp-content\/uploads\/2024\/03\/UW17_laurels_awards_best_narrative_feature_WORLD_Honorable_Mention_blk-768x503.png 768w, https:\/\/sacrebleuprod.fr\/wp-content\/uploads\/2024\/03\/UW17_laurels_awards_best_narrative_feature_WORLD_Honorable_Mention_blk-1536x1006.png 1536w, https:\/\/sacrebleuprod.fr\/wp-content\/uploads\/2024\/03\/UW17_laurels_awards_best_narrative_feature_WORLD_Honorable_Mention_blk-2048x1342.png 2048w\" sizes=\"(max-width: 1024px) 100vw, 1024px\" \/>\t\t\t\t\t\t\t\t\t\t\t\t\t\t\t<\/div>\n\t\t\t\t<\/div>\n\t\t\t\t<\/div>\n\t\t<div class=\"elementor-element elementor-element-a52890a e-con-full e-flex e-con e-child\" data-id=\"a52890a\" data-element_type=\"container\" data-e-type=\"container\">\n\t\t\t\t<div class=\"elementor-element elementor-element-fcaa2a9 elementor-widget__width-initial elementor-widget elementor-widget-image\" data-id=\"fcaa2a9\" data-element_type=\"widget\" data-e-type=\"widget\" data-widget_type=\"image.default\">\n\t\t\t\t<div class=\"elementor-widget-container\">\n\t\t\t\t\t\t\t\t\t\t\t\t\t\t\t<img loading=\"lazy\" decoding=\"async\" width=\"1024\" height=\"680\" src=\"https:\/\/sacrebleuprod.fr\/wp-content\/uploads\/2024\/03\/Best-Feature-Drama-Rahway-International-Film-Festival-2017-1024x680.png\" class=\"attachment-large size-large wp-image-5470\" alt=\"\" srcset=\"https:\/\/sacrebleuprod.fr\/wp-content\/uploads\/2024\/03\/Best-Feature-Drama-Rahway-International-Film-Festival-2017-1024x680.png 1024w, https:\/\/sacrebleuprod.fr\/wp-content\/uploads\/2024\/03\/Best-Feature-Drama-Rahway-International-Film-Festival-2017-600x398.png 600w, https:\/\/sacrebleuprod.fr\/wp-content\/uploads\/2024\/03\/Best-Feature-Drama-Rahway-International-Film-Festival-2017-300x199.png 300w, https:\/\/sacrebleuprod.fr\/wp-content\/uploads\/2024\/03\/Best-Feature-Drama-Rahway-International-Film-Festival-2017-768x510.png 768w, https:\/\/sacrebleuprod.fr\/wp-content\/uploads\/2024\/03\/Best-Feature-Drama-Rahway-International-Film-Festival-2017-1536x1020.png 1536w, https:\/\/sacrebleuprod.fr\/wp-content\/uploads\/2024\/03\/Best-Feature-Drama-Rahway-International-Film-Festival-2017.png 1735w\" sizes=\"(max-width: 1024px) 100vw, 1024px\" \/>\t\t\t\t\t\t\t\t\t\t\t\t\t\t\t<\/div>\n\t\t\t\t<\/div>\n\t\t\t\t<\/div>\n\t\t<div class=\"elementor-element elementor-element-2441a11 e-con-full e-flex e-con e-child\" data-id=\"2441a11\" data-element_type=\"container\" data-e-type=\"container\">\n\t\t\t\t<div class=\"elementor-element elementor-element-f07daa3 elementor-widget elementor-widget-image\" data-id=\"f07daa3\" data-element_type=\"widget\" data-e-type=\"widget\" data-widget_type=\"image.default\">\n\t\t\t\t<div class=\"elementor-widget-container\">\n\t\t\t\t\t\t\t\t\t\t\t\t\t\t\t<img loading=\"lazy\" decoding=\"async\" width=\"1024\" height=\"680\" src=\"https:\/\/sacrebleuprod.fr\/wp-content\/uploads\/2024\/03\/BEST-FEATURE-FILM-International-Womens-Film-Festival-2017-1024x680.png\" class=\"attachment-large size-large wp-image-5471\" alt=\"\" srcset=\"https:\/\/sacrebleuprod.fr\/wp-content\/uploads\/2024\/03\/BEST-FEATURE-FILM-International-Womens-Film-Festival-2017-1024x680.png 1024w, https:\/\/sacrebleuprod.fr\/wp-content\/uploads\/2024\/03\/BEST-FEATURE-FILM-International-Womens-Film-Festival-2017-600x398.png 600w, https:\/\/sacrebleuprod.fr\/wp-content\/uploads\/2024\/03\/BEST-FEATURE-FILM-International-Womens-Film-Festival-2017-300x199.png 300w, https:\/\/sacrebleuprod.fr\/wp-content\/uploads\/2024\/03\/BEST-FEATURE-FILM-International-Womens-Film-Festival-2017-768x510.png 768w, https:\/\/sacrebleuprod.fr\/wp-content\/uploads\/2024\/03\/BEST-FEATURE-FILM-International-Womens-Film-Festival-2017-1536x1020.png 1536w, https:\/\/sacrebleuprod.fr\/wp-content\/uploads\/2024\/03\/BEST-FEATURE-FILM-International-Womens-Film-Festival-2017.png 1735w\" sizes=\"(max-width: 1024px) 100vw, 1024px\" \/>\t\t\t\t\t\t\t\t\t\t\t\t\t\t\t<\/div>\n\t\t\t\t<\/div>\n\t\t\t\t<\/div>\n\t\t<div class=\"elementor-element elementor-element-aca8185 e-con-full e-flex e-con e-child\" data-id=\"aca8185\" data-element_type=\"container\" data-e-type=\"container\">\n\t\t\t\t<div class=\"elementor-element elementor-element-4c80835 elementor-widget elementor-widget-image\" data-id=\"4c80835\" data-element_type=\"widget\" data-e-type=\"widget\" data-widget_type=\"image.default\">\n\t\t\t\t<div class=\"elementor-widget-container\">\n\t\t\t\t\t\t\t\t\t\t\t\t\t\t\t<img loading=\"lazy\" decoding=\"async\" width=\"450\" height=\"448\" src=\"https:\/\/sacrebleuprod.fr\/wp-content\/uploads\/2024\/03\/Mzansi-Women-Film-Festival.png\" class=\"attachment-large size-large wp-image-5472\" alt=\"\" srcset=\"https:\/\/sacrebleuprod.fr\/wp-content\/uploads\/2024\/03\/Mzansi-Women-Film-Festival.png 450w, https:\/\/sacrebleuprod.fr\/wp-content\/uploads\/2024\/03\/Mzansi-Women-Film-Festival-300x300.png 300w, https:\/\/sacrebleuprod.fr\/wp-content\/uploads\/2024\/03\/Mzansi-Women-Film-Festival-100x100.png 100w, https:\/\/sacrebleuprod.fr\/wp-content\/uploads\/2024\/03\/Mzansi-Women-Film-Festival-150x150.png 150w\" sizes=\"(max-width: 450px) 100vw, 450px\" \/>\t\t\t\t\t\t\t\t\t\t\t\t\t\t\t<\/div>\n\t\t\t\t<\/div>\n\t\t\t\t<\/div>\n\t\t\t\t\t<\/div>\n\t\t\t\t<\/div>\n\t\t<div class=\"elementor-element elementor-element-b64393d e-flex e-con-boxed e-con e-parent\" data-id=\"b64393d\" data-element_type=\"container\" data-e-type=\"container\">\n\t\t\t\t\t<div class=\"e-con-inner\">\n\t\t<div class=\"elementor-element elementor-element-e5d1d48 e-con-full e-flex e-con e-child\" data-id=\"e5d1d48\" data-element_type=\"container\" data-e-type=\"container\">\n\t\t\t\t<div class=\"elementor-element elementor-element-aeb59f2 elementor-align-center elementor-widget elementor-widget-button\" data-id=\"aeb59f2\" data-element_type=\"widget\" data-e-type=\"widget\" data-widget_type=\"button.default\">\n\t\t\t\t<div class=\"elementor-widget-container\">\n\t\t\t\t\t\t\t\t\t<div class=\"elementor-button-wrapper\">\n\t\t\t\t\t<a class=\"elementor-button elementor-button-link elementor-size-sm\" href=\"http:\/\/sacrebleuprod.fr\/wp-content\/uploads\/2024\/03\/FicheTechnique_Tourments.pdf\" target=\"_blank\">\n\t\t\t\t\t\t<span class=\"elementor-button-content-wrapper\">\n\t\t\t\t\t\t\t\t\t<span class=\"elementor-button-text\">Fiche Technique<\/span>\n\t\t\t\t\t<\/span>\n\t\t\t\t\t<\/a>\n\t\t\t\t<\/div>\n\t\t\t\t\t\t\t\t<\/div>\n\t\t\t\t<\/div>\n\t\t\t\t<\/div>\n\t\t\t\t\t<\/div>\n\t\t\t\t<\/div>\n\t\t<div class=\"elementor-element elementor-element-ffae72a e-flex e-con-boxed e-con e-parent\" data-id=\"ffae72a\" data-element_type=\"container\" data-e-type=\"container\">\n\t\t\t\t\t<div class=\"e-con-inner\">\n\t\t\t\t<div class=\"elementor-element elementor-element-ba48c91 elementor-widget elementor-widget-video\" data-id=\"ba48c91\" data-element_type=\"widget\" data-e-type=\"widget\" data-settings=\"{&quot;video_type&quot;:&quot;vimeo&quot;}\" data-widget_type=\"video.default\">\n\t\t\t\t<div class=\"elementor-widget-container\">\n\t\t\t\t\t\t\t<div class=\"elementor-wrapper elementor-open-inline\">\n\t\t\t<iframe class=\"elementor-video-iframe\" allowfullscreen allow=\"clipboard-write\" title=\"Lecteur vid\u00e9o vimeo\" src=\"https:\/\/player.vimeo.com\/video\/208118059?color&amp;autopause=0&amp;loop=0&amp;muted=0&amp;title=1&amp;portrait=1&amp;byline=1#t=\"><\/iframe>\t\t<\/div>\n\t\t\t\t\t\t<\/div>\n\t\t\t\t<\/div>\n\t\t\t\t\t<\/div>\n\t\t\t\t<\/div>\n\t\t<div class=\"elementor-element elementor-element-9302de9 e-flex e-con-boxed e-con e-parent\" data-id=\"9302de9\" data-element_type=\"container\" data-e-type=\"container\">\n\t\t\t\t\t<div class=\"e-con-inner\">\n\t\t<div class=\"elementor-element elementor-element-4c61e5b e-con-full e-flex e-con e-child\" data-id=\"4c61e5b\" data-element_type=\"container\" data-e-type=\"container\">\n\t\t\t\t<div class=\"elementor-element elementor-element-3ec889b elementor-widget elementor-widget-image\" data-id=\"3ec889b\" data-element_type=\"widget\" data-e-type=\"widget\" data-widget_type=\"image.default\">\n\t\t\t\t<div class=\"elementor-widget-container\">\n\t\t\t\t\t\t\t\t\t\t\t\t\t\t\t<img loading=\"lazy\" decoding=\"async\" width=\"1024\" height=\"576\" src=\"https:\/\/sacrebleuprod.fr\/wp-content\/uploads\/2024\/03\/TOURMENTS-DAMOUR-Gaby-300DPI-1024x576.jpg\" class=\"attachment-large size-large wp-image-5475\" alt=\"\" srcset=\"https:\/\/sacrebleuprod.fr\/wp-content\/uploads\/2024\/03\/TOURMENTS-DAMOUR-Gaby-300DPI-1024x576.jpg 1024w, https:\/\/sacrebleuprod.fr\/wp-content\/uploads\/2024\/03\/TOURMENTS-DAMOUR-Gaby-300DPI-scaled-600x338.jpg 600w, https:\/\/sacrebleuprod.fr\/wp-content\/uploads\/2024\/03\/TOURMENTS-DAMOUR-Gaby-300DPI-300x169.jpg 300w, https:\/\/sacrebleuprod.fr\/wp-content\/uploads\/2024\/03\/TOURMENTS-DAMOUR-Gaby-300DPI-768x432.jpg 768w, https:\/\/sacrebleuprod.fr\/wp-content\/uploads\/2024\/03\/TOURMENTS-DAMOUR-Gaby-300DPI-1536x864.jpg 1536w, https:\/\/sacrebleuprod.fr\/wp-content\/uploads\/2024\/03\/TOURMENTS-DAMOUR-Gaby-300DPI-2048x1152.jpg 2048w\" sizes=\"(max-width: 1024px) 100vw, 1024px\" \/>\t\t\t\t\t\t\t\t\t\t\t\t\t\t\t<\/div>\n\t\t\t\t<\/div>\n\t\t\t\t<\/div>\n\t\t<div class=\"elementor-element elementor-element-8bd20aa e-con-full e-flex e-con e-child\" data-id=\"8bd20aa\" data-element_type=\"container\" data-e-type=\"container\">\n\t\t\t\t<div class=\"elementor-element elementor-element-73a1f73 elementor-widget elementor-widget-image\" data-id=\"73a1f73\" data-element_type=\"widget\" data-e-type=\"widget\" data-widget_type=\"image.default\">\n\t\t\t\t<div class=\"elementor-widget-container\">\n\t\t\t\t\t\t\t\t\t\t\t\t\t\t\t<img loading=\"lazy\" decoding=\"async\" width=\"1024\" height=\"576\" src=\"https:\/\/sacrebleuprod.fr\/wp-content\/uploads\/2024\/03\/TOURMENTS-DAMOUR-Myriam-et-Vana-coiffe-300DPI-1024x576.jpg\" class=\"attachment-large size-large wp-image-5476\" alt=\"\" srcset=\"https:\/\/sacrebleuprod.fr\/wp-content\/uploads\/2024\/03\/TOURMENTS-DAMOUR-Myriam-et-Vana-coiffe-300DPI-1024x576.jpg 1024w, https:\/\/sacrebleuprod.fr\/wp-content\/uploads\/2024\/03\/TOURMENTS-DAMOUR-Myriam-et-Vana-coiffe-300DPI-scaled-600x338.jpg 600w, https:\/\/sacrebleuprod.fr\/wp-content\/uploads\/2024\/03\/TOURMENTS-DAMOUR-Myriam-et-Vana-coiffe-300DPI-300x169.jpg 300w, https:\/\/sacrebleuprod.fr\/wp-content\/uploads\/2024\/03\/TOURMENTS-DAMOUR-Myriam-et-Vana-coiffe-300DPI-768x432.jpg 768w, https:\/\/sacrebleuprod.fr\/wp-content\/uploads\/2024\/03\/TOURMENTS-DAMOUR-Myriam-et-Vana-coiffe-300DPI-1536x864.jpg 1536w, https:\/\/sacrebleuprod.fr\/wp-content\/uploads\/2024\/03\/TOURMENTS-DAMOUR-Myriam-et-Vana-coiffe-300DPI-2048x1152.jpg 2048w\" sizes=\"(max-width: 1024px) 100vw, 1024px\" \/>\t\t\t\t\t\t\t\t\t\t\t\t\t\t\t<\/div>\n\t\t\t\t<\/div>\n\t\t\t\t<\/div>\n\t\t<div class=\"elementor-element elementor-element-da224a3 e-con-full e-flex e-con e-child\" data-id=\"da224a3\" data-element_type=\"container\" data-e-type=\"container\">\n\t\t\t\t<div class=\"elementor-element elementor-element-a3882ff elementor-widget elementor-widget-image\" data-id=\"a3882ff\" data-element_type=\"widget\" data-e-type=\"widget\" data-widget_type=\"image.default\">\n\t\t\t\t<div class=\"elementor-widget-container\">\n\t\t\t\t\t\t\t\t\t\t\t\t\t\t\t<img loading=\"lazy\" decoding=\"async\" width=\"1024\" height=\"576\" src=\"https:\/\/sacrebleuprod.fr\/wp-content\/uploads\/2024\/03\/TOURMENTS-DAMOUR-Ponton-depart-300DPI-1024x576.jpg\" class=\"attachment-large size-large wp-image-5479\" alt=\"\" srcset=\"https:\/\/sacrebleuprod.fr\/wp-content\/uploads\/2024\/03\/TOURMENTS-DAMOUR-Ponton-depart-300DPI-1024x576.jpg 1024w, https:\/\/sacrebleuprod.fr\/wp-content\/uploads\/2024\/03\/TOURMENTS-DAMOUR-Ponton-depart-300DPI-scaled-600x338.jpg 600w, https:\/\/sacrebleuprod.fr\/wp-content\/uploads\/2024\/03\/TOURMENTS-DAMOUR-Ponton-depart-300DPI-300x169.jpg 300w, https:\/\/sacrebleuprod.fr\/wp-content\/uploads\/2024\/03\/TOURMENTS-DAMOUR-Ponton-depart-300DPI-768x432.jpg 768w, https:\/\/sacrebleuprod.fr\/wp-content\/uploads\/2024\/03\/TOURMENTS-DAMOUR-Ponton-depart-300DPI-1536x864.jpg 1536w, https:\/\/sacrebleuprod.fr\/wp-content\/uploads\/2024\/03\/TOURMENTS-DAMOUR-Ponton-depart-300DPI-2048x1152.jpg 2048w\" sizes=\"(max-width: 1024px) 100vw, 1024px\" \/>\t\t\t\t\t\t\t\t\t\t\t\t\t\t\t<\/div>\n\t\t\t\t<\/div>\n\t\t\t\t<\/div>\n\t\t<div class=\"elementor-element elementor-element-39f4eed e-con-full e-flex e-con e-child\" data-id=\"39f4eed\" data-element_type=\"container\" data-e-type=\"container\">\n\t\t\t\t<div class=\"elementor-element elementor-element-6e61667 elementor-widget elementor-widget-image\" data-id=\"6e61667\" data-element_type=\"widget\" data-e-type=\"widget\" data-widget_type=\"image.default\">\n\t\t\t\t<div class=\"elementor-widget-container\">\n\t\t\t\t\t\t\t\t\t\t\t\t\t\t\t<img loading=\"lazy\" decoding=\"async\" width=\"1024\" height=\"576\" src=\"https:\/\/sacrebleuprod.fr\/wp-content\/uploads\/2024\/03\/TOURMENTS-DAMOUR-Vana-boude-300DPI-1-1024x576.jpg\" class=\"attachment-large size-large wp-image-5478\" alt=\"\" srcset=\"https:\/\/sacrebleuprod.fr\/wp-content\/uploads\/2024\/03\/TOURMENTS-DAMOUR-Vana-boude-300DPI-1-1024x576.jpg 1024w, https:\/\/sacrebleuprod.fr\/wp-content\/uploads\/2024\/03\/TOURMENTS-DAMOUR-Vana-boude-300DPI-1-scaled-600x338.jpg 600w, https:\/\/sacrebleuprod.fr\/wp-content\/uploads\/2024\/03\/TOURMENTS-DAMOUR-Vana-boude-300DPI-1-300x169.jpg 300w, https:\/\/sacrebleuprod.fr\/wp-content\/uploads\/2024\/03\/TOURMENTS-DAMOUR-Vana-boude-300DPI-1-768x432.jpg 768w, https:\/\/sacrebleuprod.fr\/wp-content\/uploads\/2024\/03\/TOURMENTS-DAMOUR-Vana-boude-300DPI-1-1536x864.jpg 1536w, https:\/\/sacrebleuprod.fr\/wp-content\/uploads\/2024\/03\/TOURMENTS-DAMOUR-Vana-boude-300DPI-1-2048x1152.jpg 2048w\" sizes=\"(max-width: 1024px) 100vw, 1024px\" \/>\t\t\t\t\t\t\t\t\t\t\t\t\t\t\t<\/div>\n\t\t\t\t<\/div>\n\t\t\t\t<\/div>\n\t\t\t\t\t<\/div>\n\t\t\t\t<\/div>\n\t\t\t\t<\/div>\n\t\t","protected":false},"excerpt":{"rendered":"<p>Tourments d&#8217;amour Prise de vue r\u00e9elle-53&#8242;-Tous publics R\u00e9alisatrice &amp; Sc\u00e9nariste: Caroline Jules Compositeur: Laurent Ganem Production: Sacrebleu Productions, Kontras&#8217; Prod, Skyprod Sur une \u00eele au large de la Guadeloupe, deux soeurs, Myriam et Vanessa, s&#8217;appr\u00eatent \u00e0 passer quelques jours dans la maison familiale o\u00f9 plane encore le doux souvenir de leur grand-m\u00e8re. Mais Vanessa ignore [&hellip;]<\/p>\n","protected":false},"author":1,"featured_media":0,"parent":1559,"menu_order":0,"comment_status":"closed","ping_status":"closed","template":"","meta":{"site-sidebar-layout":"no-sidebar","site-content-layout":"page-builder","ast-site-content-layout":"default","site-content-style":"default","site-sidebar-style":"default","ast-global-header-display":"","ast-banner-title-visibility":"","ast-main-header-display":"","ast-hfb-above-header-display":"","ast-hfb-below-header-display":"","ast-hfb-mobile-header-display":"","site-post-title":"disabled","ast-breadcrumbs-content":"","ast-featured-img":"disabled","footer-sml-layout":"","ast-disable-related-posts":"","theme-transparent-header-meta":"","adv-header-id-meta":"","stick-header-meta":"","header-above-stick-meta":"","header-main-stick-meta":"","header-below-stick-meta":"","astra-migrate-meta-layouts":"set","ast-page-background-enabled":"default","ast-page-background-meta":{"desktop":{"background-color":"var(--ast-global-color-4)","background-image":"","background-repeat":"repeat","background-position":"center center","background-size":"auto","background-attachment":"scroll","background-type":"","background-media":"","overlay-type":"","overlay-color":"","overlay-opacity":"","overlay-gradient":""},"tablet":{"background-color":"","background-image":"","background-repeat":"repeat","background-position":"center center","background-size":"auto","background-attachment":"scroll","background-type":"","background-media":"","overlay-type":"","overlay-color":"","overlay-opacity":"","overlay-gradient":""},"mobile":{"background-color":"","background-image":"","background-repeat":"repeat","background-position":"center center","background-size":"auto","background-attachment":"scroll","background-type":"","background-media":"","overlay-type":"","overlay-color":"","overlay-opacity":"","overlay-gradient":""}},"ast-content-background-meta":{"desktop":{"background-color":"var(--ast-global-color-5)","background-image":"","background-repeat":"repeat","background-position":"center center","background-size":"auto","background-attachment":"scroll","background-type":"","background-media":"","overlay-type":"","overlay-color":"","overlay-opacity":"","overlay-gradient":""},"tablet":{"background-color":"var(--ast-global-color-5)","background-image":"","background-repeat":"repeat","background-position":"center center","background-size":"auto","background-attachment":"scroll","background-type":"","background-media":"","overlay-type":"","overlay-color":"","overlay-opacity":"","overlay-gradient":""},"mobile":{"background-color":"var(--ast-global-color-5)","background-image":"","background-repeat":"repeat","background-position":"center center","background-size":"auto","background-attachment":"scroll","background-type":"","background-media":"","overlay-type":"","overlay-color":"","overlay-opacity":"","overlay-gradient":""}},"footnotes":""},"class_list":["post-5463","page","type-page","status-publish","hentry"],"_links":{"self":[{"href":"https:\/\/sacrebleuprod.fr\/index.php?rest_route=\/wp\/v2\/pages\/5463","targetHints":{"allow":["GET"]}}],"collection":[{"href":"https:\/\/sacrebleuprod.fr\/index.php?rest_route=\/wp\/v2\/pages"}],"about":[{"href":"https:\/\/sacrebleuprod.fr\/index.php?rest_route=\/wp\/v2\/types\/page"}],"author":[{"embeddable":true,"href":"https:\/\/sacrebleuprod.fr\/index.php?rest_route=\/wp\/v2\/users\/1"}],"replies":[{"embeddable":true,"href":"https:\/\/sacrebleuprod.fr\/index.php?rest_route=%2Fwp%2Fv2%2Fcomments&post=5463"}],"version-history":[{"count":25,"href":"https:\/\/sacrebleuprod.fr\/index.php?rest_route=\/wp\/v2\/pages\/5463\/revisions"}],"predecessor-version":[{"id":12667,"href":"https:\/\/sacrebleuprod.fr\/index.php?rest_route=\/wp\/v2\/pages\/5463\/revisions\/12667"}],"up":[{"embeddable":true,"href":"https:\/\/sacrebleuprod.fr\/index.php?rest_route=\/wp\/v2\/pages\/1559"}],"wp:attachment":[{"href":"https:\/\/sacrebleuprod.fr\/index.php?rest_route=%2Fwp%2Fv2%2Fmedia&parent=5463"}],"curies":[{"name":"wp","href":"https:\/\/api.w.org\/{rel}","templated":true}]}}